Last updated on 2023-01-28 08:00:37 CET.
Flavor | Version | Tinstall | Tcheck | Ttotal | Status | Flags |
---|---|---|---|---|---|---|
r-devel-linux-x86_64-debian-clang | 0.1.0 | 3.28 | 244.69 | 247.97 | NOTE | |
r-devel-linux-x86_64-debian-gcc | 0.1.0 | 2.39 | 165.33 | 167.72 | NOTE | |
r-devel-linux-x86_64-fedora-clang | 0.1.0 | 279.38 | NOTE | |||
r-devel-linux-x86_64-fedora-gcc | 0.1.0 | 288.21 | NOTE | |||
r-devel-windows-x86_64 | 0.1.0 | 14.00 | 259.00 | 273.00 | NOTE | |
r-patched-linux-x86_64 | 0.1.0 | 2.63 | 218.22 | 220.85 | NOTE | |
r-release-linux-x86_64 | 0.1.0 | 3.00 | 223.58 | 226.58 | NOTE | |
r-release-macos-arm64 | 0.1.0 | 74.00 | NOTE | |||
r-release-macos-x86_64 | 0.1.0 | 110.00 | NOTE | |||
r-release-windows-x86_64 | 0.1.0 | 13.00 | 273.00 | 286.00 | NOTE | |
r-oldrel-macos-arm64 | 0.1.0 | 103.00 | NOTE | |||
r-oldrel-macos-x86_64 | 0.1.0 | 158.00 | NOTE | |||
r-oldrel-windows-ix86+x86_64 | 0.1.0 | 8.00 | 273.00 | 281.00 | NOTE |
Version: 0.1.0
Check: LazyData
Result: NOTE
'LazyData' is specified without a 'data' directory
Flavors: r-devel-linux-x86_64-debian-clang, r-devel-linux-x86_64-debian-gcc, r-devel-linux-x86_64-fedora-clang, r-devel-linux-x86_64-fedora-gcc, r-devel-windows-x86_64, r-patched-linux-x86_64, r-release-linux-x86_64, r-release-macos-arm64, r-release-macos-x86_64, r-release-windows-x86_64, r-oldrel-macos-arm64, r-oldrel-macos-x86_64, r-oldrel-windows-ix86+x86_64
Version: 0.1.0
Check: dependencies in R code
Result: NOTE
Namespaces in Imports field not imported from:
‘Rcpp’ ‘SnowballC’ ‘stringi’
All declared Imports should be used.
Flavors: r-devel-linux-x86_64-fedora-clang, r-devel-linux-x86_64-fedora-gcc, r-release-macos-arm64, r-release-macos-x86_64, r-oldrel-macos-arm64, r-oldrel-macos-x86_64