CRAN Package Check Results for Package klic

Last updated on 2023-02-04 08:01:19 CET.

Flavor Version Tinstall Tcheck Ttotal Status Flags
r-devel-linux-x86_64-debian-clang 1.0.4 3.62 30.66 34.28 NOTE
r-devel-linux-x86_64-debian-gcc 1.0.4 2.45 23.09 25.54 NOTE
r-devel-linux-x86_64-fedora-clang 1.0.4 42.95 NOTE
r-devel-linux-x86_64-fedora-gcc 1.0.4 54.01 NOTE
r-devel-windows-x86_64 1.0.4 14.00 62.00 76.00 NOTE
r-patched-linux-x86_64 1.0.4 2.25 29.64 31.89 NOTE
r-release-linux-x86_64 1.0.4 2.49 30.23 32.72 NOTE
r-release-macos-arm64 1.0.4 24.00 NOTE
r-release-macos-x86_64 1.0.4 42.00 NOTE
r-release-windows-x86_64 1.0.4 25.00 65.00 90.00 NOTE
r-oldrel-macos-arm64 1.0.4 21.00 NOTE
r-oldrel-macos-x86_64 1.0.4 29.00 NOTE
r-oldrel-windows-ix86+x86_64 1.0.4 9.00 56.00 65.00 NOTE

Check Details

Version: 1.0.4
Check: LazyData
Result: NOTE
     'LazyData' is specified without a 'data' directory
Flavors: r-devel-linux-x86_64-debian-clang, r-devel-linux-x86_64-debian-gcc, r-devel-linux-x86_64-fedora-clang, r-devel-linux-x86_64-fedora-gcc, r-devel-windows-x86_64, r-patched-linux-x86_64, r-release-linux-x86_64, r-release-macos-arm64, r-release-macos-x86_64, r-release-windows-x86_64, r-oldrel-macos-arm64, r-oldrel-macos-x86_64, r-oldrel-windows-ix86+x86_64