CRAN Package Check Results for Package kiwisR

Last updated on 2024-03-04 07:48:31 CET.

Flavor Version Tinstall Tcheck Ttotal Status Flags
r-devel-linux-x86_64-debian-clang 0.2.0 2.72 31.63 34.35 NOTE
r-devel-linux-x86_64-debian-gcc 0.2.0 1.72 23.98 25.70 NOTE
r-devel-linux-x86_64-fedora-clang 0.2.0 40.75 NOTE
r-devel-linux-x86_64-fedora-gcc 0.2.0 39.20 NOTE
r-devel-windows-x86_64 0.2.0 4.00 123.00 127.00 NOTE
r-patched-linux-x86_64 0.2.0 2.09 29.61 31.70 NOTE
r-release-linux-x86_64 0.2.0 2.08 31.12 33.20 NOTE
r-release-macos-arm64 0.2.0 137.00 NOTE
r-release-macos-x86_64 0.2.0 132.00 NOTE
r-release-windows-x86_64 0.2.0 4.00 128.00 132.00 NOTE
r-oldrel-macos-arm64 0.2.0 120.00 NOTE
r-oldrel-windows-x86_64 0.2.0 4.00 143.00 147.00 NOTE

Check Details

Version: 0.2.0
Check: LazyData
Result: NOTE 'LazyData' is specified without a 'data' directory Flavors: r-devel-linux-x86_64-debian-clang, r-devel-linux-x86_64-debian-gcc, r-devel-linux-x86_64-fedora-clang, r-devel-linux-x86_64-fedora-gcc, r-devel-windows-x86_64, r-patched-linux-x86_64, r-release-linux-x86_64, r-release-macos-arm64, r-release-macos-x86_64, r-release-windows-x86_64, r-oldrel-macos-arm64, r-oldrel-windows-x86_64