CRAN Package Check Results for Package kindisperse

Last updated on 2023-01-31 07:54:15 CET.

Flavor Version Tinstall Tcheck Ttotal Status Flags
r-devel-linux-x86_64-debian-clang 0.10.2 14.73 137.68 152.41 OK
r-devel-linux-x86_64-debian-gcc 0.10.2 12.25 98.48 110.73 OK
r-devel-linux-x86_64-fedora-clang 0.10.2 189.47 NOTE
r-devel-linux-x86_64-fedora-gcc 0.10.2 189.96 NOTE
r-devel-windows-x86_64 0.10.2 119.00 196.00 315.00 OK
r-patched-linux-x86_64 0.10.2 16.08 130.93 147.01 OK
r-release-linux-x86_64 0.10.2 13.43 116.37 129.80 OK
r-release-macos-arm64 0.10.2 52.00 NOTE
r-release-macos-x86_64 0.10.2 89.00 NOTE
r-release-windows-x86_64 0.10.2 151.00 202.00 353.00 OK
r-oldrel-macos-arm64 0.10.2 56.00 NOTE
r-oldrel-macos-x86_64 0.10.2 69.00 NOTE
r-oldrel-windows-ix86+x86_64 0.10.2 33.00 180.00 213.00 OK

Check Details

Version: 0.10.2
Check: dependencies in R code
Result: NOTE
    Namespaces in Imports field not imported from:
     ‘fitdistrplus’ ‘plotly’
     All declared Imports should be used.
Flavors: r-devel-linux-x86_64-fedora-clang, r-devel-linux-x86_64-fedora-gcc, r-release-macos-arm64, r-release-macos-x86_64, r-oldrel-macos-arm64, r-oldrel-macos-x86_64