CRAN Package Check Results for Package keys

Last updated on 2023-02-06 06:52:00 CET.

Flavor Version Tinstall Tcheck Ttotal Status Flags
r-devel-linux-x86_64-debian-clang 0.1.1 2.84 30.99 33.83 OK
r-devel-linux-x86_64-debian-gcc 0.1.1 2.43 24.26 26.69 OK
r-devel-linux-x86_64-fedora-clang 0.1.1 44.03 NOTE
r-devel-linux-x86_64-fedora-gcc 0.1.1 52.87 NOTE
r-devel-windows-x86_64 0.1.1 11.00 62.00 73.00 OK
r-patched-linux-x86_64 0.1.1 2.03 30.84 32.87 OK
r-release-linux-x86_64 0.1.1 3.04 30.91 33.95 OK
r-release-macos-arm64 0.1.1 18.00 NOTE
r-release-macos-x86_64 0.1.1 33.00 NOTE
r-release-windows-x86_64 0.1.1 16.00 65.00 81.00 OK
r-oldrel-macos-arm64 0.1.1 19.00 NOTE
r-oldrel-macos-x86_64 0.1.1 23.00 NOTE
r-oldrel-windows-ix86+x86_64 0.1.1 9.00 63.00 72.00 OK

Check Details

Version: 0.1.1
Check: dependencies in R code
Result: NOTE
    Namespace in Imports field not imported from: ‘shiny’
     All declared Imports should be used.
Flavors: r-devel-linux-x86_64-fedora-clang, r-devel-linux-x86_64-fedora-gcc, r-release-macos-arm64, r-release-macos-x86_64, r-oldrel-macos-arm64, r-oldrel-macos-x86_64