Last updated on 2023-02-08 07:54:33 CET.
Flavor | Version | Tinstall | Tcheck | Ttotal | Status | Flags |
---|---|---|---|---|---|---|
r-devel-linux-x86_64-debian-clang | 1.1.1 | 69.58 | 60.35 | 129.93 | NOTE | |
r-devel-linux-x86_64-debian-gcc | 1.1.1 | 58.65 | 43.07 | 101.72 | NOTE | |
r-devel-linux-x86_64-fedora-clang | 1.1.1 | 194.79 | NOTE | |||
r-devel-linux-x86_64-fedora-gcc | 1.1.1 | 189.99 | NOTE | |||
r-devel-windows-x86_64 | 1.1.1 | 65.00 | 113.00 | 178.00 | NOTE | |
r-patched-linux-x86_64 | 1.1.1 | 63.21 | 51.51 | 114.72 | OK | |
r-release-linux-x86_64 | 1.1.1 | 63.55 | 50.20 | 113.75 | OK | |
r-release-macos-arm64 | 1.1.1 | 49.00 | OK | |||
r-release-macos-x86_64 | 1.1.1 | 64.00 | OK | |||
r-release-windows-x86_64 | 1.1.1 | 71.00 | 121.00 | 192.00 | OK | |
r-oldrel-macos-arm64 | 1.1.1 | 47.00 | OK | |||
r-oldrel-macos-x86_64 | 1.1.1 | 87.00 | OK | |||
r-oldrel-windows-ix86+x86_64 | 1.1.1 | 192.00 | 118.00 | 310.00 | OK |
Version: 1.1.1
Check: C++ specification
Result: NOTE
Specified C++11: please update to current default of C++17
Flavors: r-devel-linux-x86_64-debian-clang, r-devel-windows-x86_64
Version: 1.1.1
Check: C++ specification
Result: NOTE
Specified C++11: please drop specification unless essential
Flavors: r-devel-linux-x86_64-debian-gcc, r-devel-linux-x86_64-fedora-clang, r-devel-linux-x86_64-fedora-gcc