Last updated on 2023-01-29 07:56:06 CET.
Flavor | Version | Tinstall | Tcheck | Ttotal | Status | Flags |
---|---|---|---|---|---|---|
r-devel-linux-x86_64-debian-clang | 0.9.4 | 6.18 | 185.46 | 191.64 | NOTE | |
r-devel-linux-x86_64-debian-gcc | 0.9.4 | 4.84 | 131.68 | 136.52 | NOTE | |
r-devel-linux-x86_64-fedora-clang | 0.9.4 | 225.05 | NOTE | |||
r-devel-linux-x86_64-fedora-gcc | 0.9.4 | 239.22 | NOTE | |||
r-devel-windows-x86_64 | 0.9.4 | 115.00 | 209.00 | 324.00 | NOTE | |
r-patched-linux-x86_64 | 0.9.4 | 6.03 | 179.32 | 185.35 | NOTE | |
r-release-linux-x86_64 | 0.9.4 | 6.37 | 177.75 | 184.12 | NOTE | |
r-release-macos-arm64 | 0.9.4 | 52.00 | NOTE | |||
r-release-macos-x86_64 | 0.9.4 | 97.00 | NOTE | |||
r-release-windows-x86_64 | 0.9.4 | 92.00 | 194.00 | 286.00 | NOTE | |
r-oldrel-macos-arm64 | 0.9.4 | 66.00 | NOTE | |||
r-oldrel-macos-x86_64 | 0.9.4 | 106.00 | NOTE | |||
r-oldrel-windows-ix86+x86_64 | 0.9.4 | 16.00 | 200.00 | 216.00 | NOTE |
Version: 0.9.4
Check: LazyData
Result: NOTE
'LazyData' is specified without a 'data' directory
Flavors: r-devel-linux-x86_64-debian-clang, r-devel-linux-x86_64-debian-gcc, r-devel-linux-x86_64-fedora-clang, r-devel-linux-x86_64-fedora-gcc, r-devel-windows-x86_64, r-patched-linux-x86_64, r-release-linux-x86_64, r-release-macos-arm64, r-release-macos-x86_64, r-release-windows-x86_64, r-oldrel-macos-arm64, r-oldrel-macos-x86_64, r-oldrel-windows-ix86+x86_64