CRAN Package Check Results for Package kdist

Last updated on 2023-01-26 07:53:54 CET.

Flavor Version Tinstall Tcheck Ttotal Status Flags
r-devel-linux-x86_64-debian-clang 0.2 1.94 21.62 23.56 NOTE
r-devel-linux-x86_64-debian-gcc 0.2 1.43 16.97 18.40 NOTE
r-devel-linux-x86_64-fedora-clang 0.2 29.73 NOTE
r-devel-linux-x86_64-fedora-gcc 0.2 29.42 NOTE
r-devel-windows-x86_64 0.2 9.00 47.00 56.00 NOTE
r-patched-linux-x86_64 0.2 1.87 21.42 23.29 NOTE
r-release-linux-x86_64 0.2 1.95 21.31 23.26 NOTE
r-release-macos-arm64 0.2 14.00 NOTE
r-release-macos-x86_64 0.2 19.00 NOTE
r-release-windows-x86_64 0.2 7.00 43.00 50.00 NOTE
r-oldrel-macos-arm64 0.2 15.00 NOTE
r-oldrel-macos-x86_64 0.2 24.00 NOTE
r-oldrel-windows-ix86+x86_64 0.2 4.00 27.00 31.00 NOTE

Check Details

Version: 0.2
Check: LazyData
Result: NOTE
     'LazyData' is specified without a 'data' directory
Flavors: r-devel-linux-x86_64-debian-clang, r-devel-linux-x86_64-debian-gcc, r-devel-linux-x86_64-fedora-clang, r-devel-linux-x86_64-fedora-gcc, r-devel-windows-x86_64, r-patched-linux-x86_64, r-release-linux-x86_64, r-release-macos-arm64, r-release-macos-x86_64, r-release-windows-x86_64, r-oldrel-macos-arm64, r-oldrel-macos-x86_64, r-oldrel-windows-ix86+x86_64