CRAN Package Check Results for Package kappalab

Last updated on 2024-05-20 06:51:56 CEST.

Flavor Version Tinstall Tcheck Ttotal Status Flags
r-devel-linux-x86_64-debian-clang 0.4-12 16.04 119.00 135.04 OK
r-devel-linux-x86_64-debian-gcc 0.4-12 12.93 87.51 100.44 OK
r-devel-linux-x86_64-fedora-clang 0.4-12 164.63 NOTE
r-devel-linux-x86_64-fedora-gcc 0.4-12 277.31 NOTE
r-devel-windows-x86_64 0.4-12 16.00 114.00 130.00 OK
r-patched-linux-x86_64 0.4-12 16.73 113.06 129.79 OK
r-release-linux-x86_64 0.4-12 15.93 114.66 130.59 OK
r-release-macos-arm64 0.4-12 46.00 OK
r-release-windows-x86_64 0.4-12 17.00 114.00 131.00 OK
r-oldrel-macos-arm64 0.4-12 55.00 OK
r-oldrel-macos-x86_64 0.4-12 152.00 OK
r-oldrel-windows-x86_64 0.4-12 21.00 142.00 163.00 OK

Check Details

Version: 0.4-12
Check: compiled code
Result: NOTE File ‘kappalab/libs/kappalab.so’: Found no calls to: ‘R_registerRoutines’, ‘R_useDynamicSymbols’ It is good practice to register native routines and to disable symbol search. See ‘Writing portable packages’ in the ‘Writing R Extensions’ manual. Flavors: r-devel-linux-x86_64-fedora-clang, r-devel-linux-x86_64-fedora-gcc