CRAN Package Check Results for Package kappalab

Last updated on 2023-09-26 08:04:15 CEST.

Flavor Version Tinstall Tcheck Ttotal Status Flags
r-devel-linux-x86_64-debian-clang 0.4-10 17.55 117.85 135.40 OK
r-devel-linux-x86_64-debian-gcc 0.4-10 12.02 89.79 101.81 OK
r-devel-linux-x86_64-fedora-clang 0.4-10 163.07 NOTE
r-devel-linux-x86_64-fedora-gcc 0.4-10 164.18 NOTE
r-devel-windows-x86_64 0.4-10 19.00 117.00 136.00 OK
r-patched-linux-x86_64 0.4-10 18.45 115.38 133.83 OK
r-release-linux-x86_64 0.4-10 14.35 115.65 130.00 OK
r-release-macos-arm64 0.4-10 49.00 OK
r-release-macos-x86_64 0.4-10 89.00 OK
r-release-windows-x86_64 0.4-10 21.00 142.00 163.00 OK
r-oldrel-macos-arm64 0.4-10 47.00 OK
r-oldrel-macos-x86_64 0.4-10 77.00 OK
r-oldrel-windows-x86_64 0.4-10 23.00 145.00 168.00 OK

Additional issues

noLD

Check Details

Version: 0.4-10
Check: compiled code
Result: NOTE
    File ‘kappalab/libs/kappalab.so’:
     Found no calls to: ‘R_registerRoutines’, ‘R_useDynamicSymbols’
    
    It is good practice to register native routines and to disable symbol
    search.
    
    See ‘Writing portable packages’ in the ‘Writing R Extensions’ manual.
Flavors: r-devel-linux-x86_64-fedora-clang, r-devel-linux-x86_64-fedora-gcc