CRAN Package Check Results for Package kableExtra

Last updated on 2023-06-02 07:55:25 CEST.

Flavor Version Tinstall Tcheck Ttotal Status Flags
r-devel-linux-x86_64-debian-clang 1.3.4 11.56 97.64 109.20 NOTE
r-devel-linux-x86_64-debian-gcc 1.3.4 6.38 75.34 81.72 NOTE
r-devel-linux-x86_64-fedora-clang 1.3.4 135.88 NOTE
r-devel-linux-x86_64-fedora-gcc 1.3.4 137.72 NOTE
r-devel-windows-x86_64 1.3.4 11.00 127.00 138.00 NOTE
r-patched-linux-x86_64 1.3.4 NOTE
r-release-linux-x86_64 1.3.4 8.48 92.95 101.43 NOTE
r-release-macos-arm64 1.3.4 58.00 NOTE
r-release-macos-x86_64 1.3.4 86.00 NOTE
r-release-windows-x86_64 1.3.4 13.00 126.00 139.00 NOTE
r-oldrel-macos-arm64 1.3.4 44.00 NOTE
r-oldrel-macos-x86_64 1.3.4 58.00 NOTE
r-oldrel-windows-x86_64 1.3.4 13.00 126.00 139.00 NOTE

Check Details

Version: 1.3.4
Check: LazyData
Result: NOTE
     'LazyData' is specified without a 'data' directory
Flavors: r-devel-linux-x86_64-debian-clang, r-devel-linux-x86_64-debian-gcc, r-devel-linux-x86_64-fedora-clang, r-devel-linux-x86_64-fedora-gcc, r-devel-windows-x86_64, r-patched-linux-x86_64, r-release-linux-x86_64, r-release-macos-arm64, r-release-macos-x86_64, r-release-windows-x86_64, r-oldrel-macos-arm64, r-oldrel-macos-x86_64, r-oldrel-windows-x86_64