CRAN Package Check Results for Package jsonlite

Last updated on 2022-12-02 07:53:25 CET.

Flavor Version Tinstall Tcheck Ttotal Status Flags
r-devel-linux-x86_64-debian-clang 1.8.3 9.45 59.31 68.76 OK
r-devel-linux-x86_64-debian-gcc 1.8.3 6.91 45.10 52.01 OK
r-devel-linux-x86_64-fedora-clang 1.8.3 100.03 OK
r-devel-linux-x86_64-fedora-gcc 1.8.3 101.49 OK
r-devel-windows-x86_64 1.8.3 38.00 10.00 48.00 ERROR
r-patched-linux-x86_64 1.8.3 7.81 57.18 64.99 OK
r-release-linux-x86_64 1.8.3 7.24 52.60 59.84 OK
r-release-macos-arm64 1.8.3 46.00 OK
r-release-macos-x86_64 1.8.3 83.00 OK
r-release-windows-x86_64 1.8.3 73.00 99.00 172.00 OK
r-oldrel-macos-arm64 1.8.3 49.00 OK
r-oldrel-macos-x86_64 1.8.3 91.00 OK
r-oldrel-windows-ix86+x86_64 1.8.3 38.00 112.00 150.00 OK

Check Details

Version: 1.8.3
Check: whether package can be installed
Result: ERROR
    Installation failed.
Flavor: r-devel-windows-x86_64