CRAN Package Check Results for Package json64

Last updated on 2024-02-23 07:52:12 CET.

Flavor Version Tinstall Tcheck Ttotal Status Flags
r-devel-linux-x86_64-debian-clang 0.1.3 NOTE
r-devel-linux-x86_64-debian-gcc 0.1.3 1.56 16.65 18.21 NOTE
r-devel-linux-x86_64-fedora-clang 0.1.3 28.51 NOTE
r-devel-linux-x86_64-fedora-gcc 0.1.3 27.87 NOTE
r-devel-windows-x86_64 0.1.3 2.00 44.00 46.00 NOTE
r-patched-linux-x86_64 0.1.3 2.00 20.84 22.84 NOTE
r-release-linux-x86_64 0.1.3 1.30 20.56 21.86 NOTE
r-release-macos-arm64 0.1.3 16.00 NOTE
r-release-macos-x86_64 0.1.3 20.00 NOTE
r-release-windows-x86_64 0.1.3 2.00 41.00 43.00 NOTE
r-oldrel-macos-arm64 0.1.3 17.00 NOTE
r-oldrel-windows-x86_64 0.1.3 4.00 47.00 51.00 NOTE

Check Details

Version: 0.1.3
Check: LazyData
Result: NOTE 'LazyData' is specified without a 'data' directory Flavors: r-devel-linux-x86_64-debian-clang, r-devel-linux-x86_64-debian-gcc, r-devel-linux-x86_64-fedora-clang, r-devel-linux-x86_64-fedora-gcc, r-devel-windows-x86_64, r-patched-linux-x86_64, r-release-linux-x86_64, r-release-macos-arm64, r-release-macos-x86_64, r-release-windows-x86_64, r-oldrel-macos-arm64, r-oldrel-windows-x86_64