Last updated on 2023-02-08 07:54:33 CET.
Flavor | Version | Tinstall | Tcheck | Ttotal | Status | Flags |
---|---|---|---|---|---|---|
r-devel-linux-x86_64-debian-clang | 2.2.0 | 7.82 | 49.11 | 56.93 | OK | |
r-devel-linux-x86_64-debian-gcc | 2.2.0 | 5.51 | 37.55 | 43.06 | OK | |
r-devel-linux-x86_64-fedora-clang | 2.2.0 | 68.02 | NOTE | |||
r-devel-linux-x86_64-fedora-gcc | 2.2.0 | 65.50 | NOTE | |||
r-devel-windows-x86_64 | 2.2.0 | 18.00 | 92.00 | 110.00 | OK | |
r-patched-linux-x86_64 | 2.2.0 | 6.99 | 49.10 | 56.09 | OK | |
r-release-linux-x86_64 | 2.2.0 | 5.90 | 48.92 | 54.82 | OK | |
r-release-macos-arm64 | 2.2.0 | 23.00 | NOTE | |||
r-release-macos-x86_64 | 2.2.0 | 39.00 | NOTE | |||
r-release-windows-x86_64 | 2.2.0 | 883.00 | 107.00 | 990.00 | OK | |
r-oldrel-macos-arm64 | 2.2.0 | 32.00 | NOTE | |||
r-oldrel-macos-x86_64 | 2.2.0 | 41.00 | NOTE | |||
r-oldrel-windows-ix86+x86_64 | 2.2.0 | 21.00 | 77.00 | 98.00 | OK |
Version: 2.2.0
Check: installed package size
Result: NOTE
installed size is 6.9Mb
sub-directories of 1Mb or more:
examples 2.9Mb
htmlwidgets 1.1Mb
www 2.7Mb
Flavors: r-devel-linux-x86_64-fedora-clang, r-release-macos-arm64, r-release-macos-x86_64, r-oldrel-macos-arm64, r-oldrel-macos-x86_64
Version: 2.2.0
Check: data for non-ASCII characters
Result: NOTE
Note: found 17 marked UTF-8 strings
Flavors: r-devel-linux-x86_64-fedora-clang, r-devel-linux-x86_64-fedora-gcc, r-release-macos-arm64, r-release-macos-x86_64, r-oldrel-macos-arm64, r-oldrel-macos-x86_64