CRAN Package Check Results for Package jpmesh

Last updated on 2024-02-23 07:52:12 CET.

Flavor Version Tinstall Tcheck Ttotal Status Flags
r-devel-linux-x86_64-debian-clang 2.1.0 OK
r-devel-linux-x86_64-debian-gcc 2.1.0 10.06 178.27 188.33 OK
r-devel-linux-x86_64-fedora-clang 2.1.0 320.21 NOTE
r-devel-linux-x86_64-fedora-gcc 2.1.0 325.59 NOTE
r-devel-windows-x86_64 2.1.0 12.00 190.00 202.00 OK
r-patched-linux-x86_64 2.1.0 8.70 225.01 233.71 OK
r-release-linux-x86_64 2.1.0 8.88 227.10 235.98 OK
r-release-macos-arm64 2.1.0 74.00 OK
r-release-macos-x86_64 2.1.0 136.00 OK
r-release-windows-x86_64 2.1.0 15.00 244.00 259.00 OK
r-oldrel-macos-arm64 2.1.0 62.00 NOTE
r-oldrel-windows-x86_64 2.1.0 16.00 251.00 267.00 OK

Check Details

Version: 2.1.0
Check: data for non-ASCII characters
Result: NOTE Note: found 176 marked UTF-8 strings Flavors: r-devel-linux-x86_64-fedora-clang, r-devel-linux-x86_64-fedora-gcc, r-oldrel-macos-arm64