Last updated on 2023-01-31 07:54:15 CET.
Flavor | Version | Tinstall | Tcheck | Ttotal | Status | Flags |
---|---|---|---|---|---|---|
r-devel-linux-x86_64-debian-clang | 2.1.0 | 11.29 | 189.68 | 200.97 | OK | |
r-devel-linux-x86_64-debian-gcc | 2.1.0 | 9.73 | 143.99 | 153.72 | OK | |
r-devel-linux-x86_64-fedora-clang | 2.1.0 | 243.17 | NOTE | |||
r-devel-linux-x86_64-fedora-gcc | 2.1.0 | 287.10 | NOTE | |||
r-devel-windows-x86_64 | 2.1.0 | 45.00 | 249.00 | 294.00 | OK | |
r-patched-linux-x86_64 | 2.1.0 | 10.49 | 179.20 | 189.69 | OK | |
r-release-linux-x86_64 | 2.1.0 | 13.79 | 187.12 | 200.91 | OK | |
r-release-macos-arm64 | 2.1.0 | 62.00 | NOTE | |||
r-release-macos-x86_64 | 2.1.0 | 133.00 | NOTE | |||
r-release-windows-x86_64 | 2.1.0 | 82.00 | 248.00 | 330.00 | OK | |
r-oldrel-macos-arm64 | 2.1.0 | 63.00 | NOTE | |||
r-oldrel-macos-x86_64 | 2.1.0 | 89.00 | NOTE | |||
r-oldrel-windows-ix86+x86_64 | 2.1.0 | 30.00 | 233.00 | 263.00 | OK |
Version: 2.1.0
Check: data for non-ASCII characters
Result: NOTE
Note: found 176 marked UTF-8 strings
Flavors: r-devel-linux-x86_64-fedora-clang, r-devel-linux-x86_64-fedora-gcc, r-release-macos-arm64, r-release-macos-x86_64, r-oldrel-macos-arm64, r-oldrel-macos-x86_64