Last updated on 2023-01-27 07:50:35 CET.
Flavor | Version | Tinstall | Tcheck | Ttotal | Status | Flags |
---|---|---|---|---|---|---|
r-devel-linux-x86_64-debian-clang | 0.1.3 | 2.07 | 19.62 | 21.69 | NOTE | |
r-devel-linux-x86_64-debian-gcc | 0.1.3 | 1.67 | 15.62 | 17.29 | NOTE | |
r-devel-linux-x86_64-fedora-clang | 0.1.3 | 27.91 | NOTE | |||
r-devel-linux-x86_64-fedora-gcc | 0.1.3 | 27.01 | NOTE | |||
r-devel-windows-x86_64 | 0.1.3 | 12.00 | 43.00 | 55.00 | NOTE | |
r-patched-linux-x86_64 | 0.1.3 | 1.81 | 21.91 | 23.72 | NOTE | |
r-release-linux-x86_64 | 0.1.3 | 2.11 | 21.77 | 23.88 | NOTE | |
r-release-macos-arm64 | 0.1.3 | 18.00 | NOTE | |||
r-release-macos-x86_64 | 0.1.3 | 20.00 | NOTE | |||
r-release-windows-x86_64 | 0.1.3 | 16.00 | 53.00 | 69.00 | NOTE | |
r-oldrel-macos-arm64 | 0.1.3 | 17.00 | NOTE | |||
r-oldrel-macos-x86_64 | 0.1.3 | 25.00 | NOTE | |||
r-oldrel-windows-ix86+x86_64 | 0.1.3 | 5.00 | 49.00 | 54.00 | NOTE |
Version: 0.1.3
Check: LazyData
Result: NOTE
'LazyData' is specified without a 'data' directory
Flavors: r-devel-linux-x86_64-debian-clang, r-devel-linux-x86_64-debian-gcc, r-devel-linux-x86_64-fedora-clang, r-devel-linux-x86_64-fedora-gcc, r-devel-windows-x86_64, r-patched-linux-x86_64, r-release-linux-x86_64, r-release-macos-arm64, r-release-macos-x86_64, r-release-windows-x86_64, r-oldrel-macos-arm64, r-oldrel-macos-x86_64, r-oldrel-windows-ix86+x86_64