CRAN Package Check Results for Package joinXL

Last updated on 2023-02-03 06:50:22 CET.

Flavor Version Tinstall Tcheck Ttotal Status Flags
r-devel-linux-x86_64-debian-clang 1.0.1 7.79 76.37 84.16 NOTE
r-devel-linux-x86_64-debian-gcc 1.0.1 5.54 55.94 61.48 NOTE
r-devel-linux-x86_64-fedora-clang 1.0.1 104.85 NOTE
r-devel-linux-x86_64-fedora-gcc 1.0.1 111.74 NOTE
r-devel-windows-x86_64 1.0.1 14.00 103.00 117.00 NOTE
r-patched-linux-x86_64 1.0.1 6.79 74.03 80.82 NOTE
r-release-linux-x86_64 1.0.1 7.00 72.15 79.15 NOTE
r-release-macos-arm64 1.0.1 30.00 NOTE
r-release-macos-x86_64 1.0.1 55.00 NOTE
r-release-windows-x86_64 1.0.1 19.00 110.00 129.00 NOTE
r-oldrel-macos-arm64 1.0.1 41.00 NOTE
r-oldrel-macos-x86_64 1.0.1 50.00 NOTE
r-oldrel-windows-ix86+x86_64 1.0.1 18.00 96.00 114.00 NOTE

Check Details

Version: 1.0.1
Check: LazyData
Result: NOTE
     'LazyData' is specified without a 'data' directory
Flavors: r-devel-linux-x86_64-debian-clang, r-devel-linux-x86_64-debian-gcc, r-devel-linux-x86_64-fedora-clang, r-devel-linux-x86_64-fedora-gcc, r-devel-windows-x86_64, r-patched-linux-x86_64, r-release-linux-x86_64, r-release-macos-arm64, r-release-macos-x86_64, r-release-windows-x86_64, r-oldrel-macos-arm64, r-oldrel-macos-x86_64, r-oldrel-windows-ix86+x86_64