Last updated on 2023-10-01 08:52:01 CEST.
Flavor | Version | Tinstall | Tcheck | Ttotal | Status | Flags |
---|---|---|---|---|---|---|
r-devel-linux-x86_64-debian-clang | 1.4 | 160.36 | 32.72 | 193.08 | OK | |
r-devel-linux-x86_64-debian-gcc | 1.4 | 113.60 | 25.35 | 138.95 | OK | |
r-devel-linux-x86_64-fedora-clang | 1.4 | 300.75 | OK | |||
r-devel-linux-x86_64-fedora-gcc | 1.4 | 313.52 | OK | |||
r-devel-windows-x86_64 | 1.4 | 106.00 | 88.00 | 194.00 | OK | |
r-patched-linux-x86_64 | 1.4 | 163.87 | 30.92 | 194.79 | OK | |
r-release-linux-x86_64 | 1.4 | 162.26 | 31.10 | 193.36 | OK | |
r-release-macos-arm64 | 1.4 | 71.00 | NOTE | |||
r-release-macos-x86_64 | 1.4 | 110.00 | NOTE | |||
r-release-windows-x86_64 | 1.4 | 118.00 | 99.00 | 217.00 | OK | |
r-oldrel-macos-arm64 | 1.4 | 66.00 | NOTE | |||
r-oldrel-macos-x86_64 | 1.4 | 90.00 | NOTE | |||
r-oldrel-windows-x86_64 | 1.4 | 152.00 | 85.00 | 237.00 | OK |
Version: 1.4
Check: installed package size
Result: NOTE
installed size is 11.0Mb
sub-directories of 1Mb or more:
libs 10.8Mb
Flavors: r-release-macos-arm64, r-release-macos-x86_64, r-oldrel-macos-arm64, r-oldrel-macos-x86_64