CRAN Package Check Results for Package jiebaR

Last updated on 2023-02-04 08:01:18 CET.

Flavor Version Tinstall Tcheck Ttotal Status Flags
r-devel-linux-x86_64-debian-clang 0.11 78.29 64.62 142.91 NOTE
r-devel-linux-x86_64-debian-gcc 0.11 57.84 49.80 107.64 NOTE
r-devel-linux-x86_64-fedora-clang 0.11 206.63 NOTE
r-devel-linux-x86_64-fedora-gcc 0.11 205.79 NOTE
r-devel-windows-x86_64 0.11 145.00 130.00 275.00 NOTE
r-patched-linux-x86_64 0.11 66.32 64.20 130.52 OK
r-release-linux-x86_64 0.11 63.31 62.45 125.76 OK
r-release-macos-arm64 0.11 55.00 NOTE
r-release-macos-x86_64 0.11 76.00 NOTE
r-release-windows-x86_64 0.11 102.00 139.00 241.00 OK
r-oldrel-macos-arm64 0.11 56.00 NOTE
r-oldrel-macos-x86_64 0.11 116.00 NOTE
r-oldrel-windows-ix86+x86_64 0.11 169.00 158.00 327.00 OK

Check Details

Version: 0.11
Check: C++ specification
Result: NOTE
     Specified C++11: please update to current default of C++17
Flavors: r-devel-linux-x86_64-debian-clang, r-devel-linux-x86_64-debian-gcc, r-devel-linux-x86_64-fedora-clang, r-devel-linux-x86_64-fedora-gcc, r-devel-windows-x86_64

Version: 0.11
Check: installed package size
Result: NOTE
     installed size is 5.7Mb
     sub-directories of 1Mb or more:
     libs 5.2Mb
Flavors: r-release-macos-arm64, r-release-macos-x86_64, r-oldrel-macos-arm64, r-oldrel-macos-x86_64