CRAN Package Check Results for Package jarbes

Last updated on 2023-02-07 07:54:04 CET.

Flavor Version Tinstall Tcheck Ttotal Status Flags
r-devel-linux-x86_64-debian-clang 2.0.0 8.38 73.85 82.23 OK
r-devel-linux-x86_64-debian-gcc 2.0.0 6.95 54.97 61.92 OK
r-devel-linux-x86_64-fedora-clang 2.0.0 110.65 NOTE
r-devel-linux-x86_64-fedora-gcc 2.0.0 99.48 NOTE
r-devel-windows-x86_64 2.0.0 28.00 107.00 135.00 OK
r-patched-linux-x86_64 2.0.0 10.65 71.26 81.91 OK
r-release-linux-x86_64 2.0.0 9.42 71.96 81.38 OK
r-release-macos-arm64 2.0.0 38.00 NOTE
r-release-macos-x86_64 2.0.0 50.00 NOTE
r-release-windows-x86_64 2.0.0 28.00 114.00 142.00 OK
r-oldrel-macos-arm64 2.0.0 36.00 NOTE
r-oldrel-macos-x86_64 2.0.0 48.00 NOTE
r-oldrel-windows-ix86+x86_64 2.0.0 24.00 100.00 124.00 OK

Check Details

Version: 2.0.0
Check: dependencies in R code
Result: NOTE
    Namespaces in Imports field not imported from:
     ‘grid’ ‘mcmcplots’ ‘tidyverse’
     All declared Imports should be used.
Flavors: r-devel-linux-x86_64-fedora-clang, r-devel-linux-x86_64-fedora-gcc, r-release-macos-arm64, r-release-macos-x86_64, r-oldrel-macos-arm64, r-oldrel-macos-x86_64