CRAN Package Check Results for Package jaod

Last updated on 2023-02-05 07:57:26 CET.

Flavor Version Tinstall Tcheck Ttotal Status Flags
r-devel-linux-x86_64-debian-clang 0.3.0 2.25 27.31 29.56 NOTE
r-devel-linux-x86_64-debian-gcc 0.3.0 1.47 21.44 22.91 NOTE
r-devel-linux-x86_64-fedora-clang 0.3.0 38.50 NOTE
r-devel-linux-x86_64-fedora-gcc 0.3.0 37.28 NOTE
r-devel-windows-x86_64 0.3.0 9.00 62.00 71.00 NOTE
r-patched-linux-x86_64 0.3.0 2.31 27.09 29.40 NOTE
r-release-linux-x86_64 0.3.0 1.66 26.75 28.41 NOTE
r-release-macos-arm64 0.3.0 17.00 NOTE
r-release-macos-x86_64 0.3.0 24.00 NOTE
r-release-windows-x86_64 0.3.0 11.00 65.00 76.00 NOTE
r-oldrel-macos-arm64 0.3.0 20.00 NOTE
r-oldrel-macos-x86_64 0.3.0 26.00 NOTE
r-oldrel-windows-ix86+x86_64 0.3.0 6.00 62.00 68.00 NOTE

Check Details

Version: 0.3.0
Check: LazyData
Result: NOTE
     'LazyData' is specified without a 'data' directory
Flavors: r-devel-linux-x86_64-debian-clang, r-devel-linux-x86_64-debian-gcc, r-devel-linux-x86_64-fedora-clang, r-devel-linux-x86_64-fedora-gcc, r-devel-windows-x86_64, r-patched-linux-x86_64, r-release-linux-x86_64, r-release-macos-arm64, r-release-macos-x86_64, r-release-windows-x86_64, r-oldrel-macos-arm64, r-oldrel-macos-x86_64, r-oldrel-windows-ix86+x86_64