Last updated on 2023-01-29 07:56:06 CET.
Flavor | Version | Tinstall | Tcheck | Ttotal | Status | Flags |
---|---|---|---|---|---|---|
r-devel-linux-x86_64-debian-clang | 2.0.1 | 31.02 | 45.72 | 76.74 | OK | |
r-devel-linux-x86_64-debian-gcc | 2.0.1 | 24.43 | 36.18 | 60.61 | NOTE | |
r-devel-linux-x86_64-fedora-clang | 2.0.1 | 121.97 | NOTE | |||
r-devel-linux-x86_64-fedora-gcc | 2.0.1 | 105.35 | NOTE | |||
r-devel-windows-x86_64 | 2.0.1 | 52.00 | 109.00 | 161.00 | NOTE | |
r-patched-linux-x86_64 | 2.0.1 | 29.14 | 45.07 | 74.21 | OK | |
r-release-linux-x86_64 | 2.0.1 | 24.77 | 45.56 | 70.33 | OK | |
r-release-macos-arm64 | 2.0.1 | 31.00 | OK | |||
r-release-macos-x86_64 | 2.0.1 | 42.00 | OK | |||
r-release-windows-x86_64 | 2.0.1 | 48.00 | 101.00 | 149.00 | OK | |
r-oldrel-macos-arm64 | 2.0.1 | 31.00 | OK | |||
r-oldrel-macos-x86_64 | 2.0.1 | 45.00 | OK | |||
r-oldrel-windows-ix86+x86_64 | 2.0.1 | 78.00 | 112.00 | 190.00 | OK |
Version: 2.0.1
Check: C++ specification
Result: NOTE
Specified C++11: please update to current default of C++17
Flavors: r-devel-linux-x86_64-debian-gcc, r-devel-linux-x86_64-fedora-clang, r-devel-linux-x86_64-fedora-gcc, r-devel-windows-x86_64