Last updated on 2023-02-03 06:50:22 CET.
Flavor | Version | Tinstall | Tcheck | Ttotal | Status | Flags |
---|---|---|---|---|---|---|
r-devel-linux-x86_64-debian-clang | 0.2.1 | 849.28 | 219.95 | 1069.23 | NOTE | |
r-devel-linux-x86_64-debian-gcc | 0.2.1 | 683.16 | 160.27 | 843.43 | NOTE | |
r-devel-linux-x86_64-fedora-clang | 0.2.1 | 1569.41 | NOTE | |||
r-devel-linux-x86_64-fedora-gcc | 0.2.1 | 1520.25 | NOTE | |||
r-devel-windows-x86_64 | 0.2.1 | 629.00 | 372.00 | 1001.00 | NOTE | |
r-patched-linux-x86_64 | 0.2.1 | 720.30 | 197.99 | 918.29 | OK | |
r-release-linux-x86_64 | 0.2.1 | 726.79 | 200.46 | 927.25 | OK | |
r-release-macos-arm64 | 0.2.1 | 332.00 | NOTE | |||
r-release-macos-x86_64 | 0.2.1 | 467.00 | NOTE | |||
r-release-windows-x86_64 | 0.2.1 | 638.00 | 376.00 | 1014.00 | OK | |
r-oldrel-macos-arm64 | 0.2.1 | 287.00 | NOTE | |||
r-oldrel-macos-x86_64 | 0.2.1 | 445.00 | NOTE | |||
r-oldrel-windows-ix86+x86_64 | 0.2.1 | 2061.00 | 650.00 | 2711.00 | NOTE |
Version: 0.2.1
Check: C++ specification
Result: NOTE
Specified C++11: please update to current default of C++17
Flavors: r-devel-linux-x86_64-debian-clang, r-devel-linux-x86_64-debian-gcc, r-devel-linux-x86_64-fedora-clang, r-devel-linux-x86_64-fedora-gcc, r-devel-windows-x86_64
Version: 0.2.1
Check: installed package size
Result: NOTE
installed size is 29.6Mb
sub-directories of 1Mb or more:
libs 28.1Mb
Flavors: r-release-macos-arm64, r-release-macos-x86_64, r-oldrel-macos-arm64, r-oldrel-macos-x86_64, r-oldrel-windows-ix86+x86_64
Version: 0.2.1
Check: package dependencies
Result: NOTE
Package suggested but not available for checking: ‘boral’
Flavor: r-release-macos-x86_64