Last updated on 2023-12-06 07:50:18 CET.
Flavor | Version | Tinstall | Tcheck | Ttotal | Status | Flags |
---|---|---|---|---|---|---|
r-devel-linux-x86_64-debian-clang | 0.2.6 | 1152.48 | 348.41 | 1500.89 | NOTE | |
r-devel-linux-x86_64-debian-gcc | 0.2.6 | 776.81 | 256.23 | 1033.04 | NOTE | |
r-devel-linux-x86_64-fedora-clang | 0.2.6 | 2288.39 | OK | |||
r-devel-linux-x86_64-fedora-gcc | 0.2.6 | 2353.35 | OK | |||
r-devel-windows-x86_64 | 0.2.6 | 819.00 | 403.00 | 1222.00 | NOTE | |
r-patched-linux-x86_64 | 0.2.6 | 895.79 | 335.80 | 1231.59 | OK | |
r-release-linux-x86_64 | 0.2.6 | 944.64 | 339.61 | 1284.25 | OK | |
r-release-macos-arm64 | 0.2.6 | 372.00 | NOTE | |||
r-release-macos-x86_64 | 0.2.6 | 480.00 | NOTE | |||
r-release-windows-x86_64 | 0.2.6 | 1053.00 | 481.00 | 1534.00 | NOTE | |
r-oldrel-macos-arm64 | 0.2.6 | 355.00 | NOTE | |||
r-oldrel-macos-x86_64 | 0.2.6 | 612.00 | NOTE | |||
r-oldrel-windows-x86_64 | 0.2.6 | 988.00 | 466.00 | 1454.00 | NOTE |
Version: 0.2.6
Check: Rd files
Result: NOTE
checkRd: (-1) jSDM_binomial_probit_long_format.Rd:45: Lost braces
45 | \code{species} \tab numeric or character eqn{n_{obs}}{n_obs}-length vector indicating the species observed, \cr
| ^
checkRd: (-1) jSDM_binomial_probit_long_format.Rd:45: Lost braces; missing escapes or markup?
45 | \code{species} \tab numeric or character eqn{n_{obs}}{n_obs}-length vector indicating the species observed, \cr
| ^
checkRd: (-1) jSDM_binomial_probit_long_format.Rd:45: Lost braces
45 | \code{species} \tab numeric or character eqn{n_{obs}}{n_obs}-length vector indicating the species observed, \cr
| ^
Flavors: r-devel-linux-x86_64-debian-clang, r-devel-linux-x86_64-debian-gcc
Version: 0.2.6
Check: installed package size
Result: NOTE
installed size is 5.2Mb
sub-directories of 1Mb or more:
libs 3.8Mb
Flavors: r-devel-windows-x86_64, r-release-macos-arm64, r-release-macos-x86_64, r-release-windows-x86_64, r-oldrel-macos-arm64, r-oldrel-macos-x86_64, r-oldrel-windows-x86_64