Last updated on 2023-02-05 07:57:26 CET.
Flavor | Version | Tinstall | Tcheck | Ttotal | Status | Flags |
---|---|---|---|---|---|---|
r-devel-linux-x86_64-debian-clang | 1.0.1 | 41.85 | 121.29 | 163.14 | OK | |
r-devel-linux-x86_64-debian-gcc | 1.0.1 | 29.48 | 88.76 | 118.24 | OK | |
r-devel-linux-x86_64-fedora-clang | 1.0.1 | 205.63 | NOTE | |||
r-devel-linux-x86_64-fedora-gcc | 1.0.1 | 212.03 | NOTE | |||
r-devel-windows-x86_64 | 1.0.1 | 68.00 | 175.00 | 243.00 | OK | |
r-patched-linux-x86_64 | 1.0.1 | 34.75 | 111.29 | 146.04 | OK | |
r-release-linux-x86_64 | 1.0.1 | 32.27 | 112.42 | 144.69 | OK | |
r-release-macos-arm64 | 1.0.1 | 56.00 | NOTE | |||
r-release-macos-x86_64 | 1.0.1 | 96.00 | NOTE | |||
r-release-windows-x86_64 | 1.0.1 | 68.00 | 188.00 | 256.00 | OK | |
r-oldrel-macos-arm64 | 1.0.1 | 47.00 | NOTE | |||
r-oldrel-macos-x86_64 | 1.0.1 | 75.00 | NOTE | |||
r-oldrel-windows-ix86+x86_64 | 1.0.1 | 98.00 | 208.00 | 306.00 | OK |
Version: 1.0.1
Check: data for non-ASCII characters
Result: NOTE
Note: found 58 marked UTF-8 strings
Flavors: r-devel-linux-x86_64-fedora-clang, r-devel-linux-x86_64-fedora-gcc, r-release-macos-arm64, r-release-macos-x86_64, r-oldrel-macos-arm64, r-oldrel-macos-x86_64