CRAN Package Check Results for Package its.analysis

Last updated on 2023-12-01 07:50:08 CET.

Flavor Version Tinstall Tcheck Ttotal Status Flags
r-devel-linux-x86_64-debian-clang 1.6.0 8.39 76.50 84.89 NOTE
r-devel-linux-x86_64-debian-gcc 1.6.0 5.45 57.32 62.77 NOTE
r-devel-linux-x86_64-fedora-clang 1.6.0 102.16 NOTE
r-devel-linux-x86_64-fedora-gcc 1.6.0 97.69 NOTE
r-devel-windows-x86_64 1.6.0 8.00 78.00 86.00 NOTE
r-patched-linux-x86_64 1.6.0 5.55 72.19 77.74 NOTE
r-release-linux-x86_64 1.6.0 5.29 72.77 78.06 NOTE
r-release-macos-arm64 1.6.0 32.00 NOTE
r-release-macos-x86_64 1.6.0 51.00 NOTE
r-release-windows-x86_64 1.6.0 12.00 90.00 102.00 NOTE
r-oldrel-macos-arm64 1.6.0 32.00 NOTE
r-oldrel-macos-x86_64 1.6.0 55.00 NOTE
r-oldrel-windows-x86_64 1.6.0 11.00 86.00 97.00 NOTE

Check Details

Version: 1.6.0
Check: LazyData
Result: NOTE 'LazyData' is specified without a 'data' directory Flavors: r-devel-linux-x86_64-debian-clang, r-devel-linux-x86_64-debian-gcc, r-devel-linux-x86_64-fedora-clang, r-devel-linux-x86_64-fedora-gcc, r-devel-windows-x86_64, r-patched-linux-x86_64, r-release-linux-x86_64, r-release-macos-arm64, r-release-macos-x86_64, r-release-windows-x86_64, r-oldrel-macos-arm64, r-oldrel-macos-x86_64, r-oldrel-windows-x86_64