CRAN Package Check Results for Package its.analysis

Last updated on 2023-02-03 06:50:22 CET.

Flavor Version Tinstall Tcheck Ttotal Status Flags
r-devel-linux-x86_64-debian-clang 1.6.0 7.87 77.01 84.88 NOTE
r-devel-linux-x86_64-debian-gcc 1.6.0 6.14 56.38 62.52 NOTE
r-devel-linux-x86_64-fedora-clang 1.6.0 106.35 NOTE
r-devel-linux-x86_64-fedora-gcc 1.6.0 102.16 NOTE
r-devel-windows-x86_64 1.6.0 12.00 111.00 123.00 NOTE
r-patched-linux-x86_64 1.6.0 8.00 71.68 79.68 NOTE
r-release-linux-x86_64 1.6.0 6.90 72.87 79.77 NOTE
r-release-macos-arm64 1.6.0 32.00 NOTE
r-release-macos-x86_64 1.6.0 55.00 NOTE
r-release-windows-x86_64 1.6.0 17.00 108.00 125.00 NOTE
r-oldrel-macos-arm64 1.6.0 39.00 NOTE
r-oldrel-macos-x86_64 1.6.0 63.00 NOTE
r-oldrel-windows-ix86+x86_64 1.6.0 20.00 110.00 130.00 NOTE

Check Details

Version: 1.6.0
Check: LazyData
Result: NOTE
     'LazyData' is specified without a 'data' directory
Flavors: r-devel-linux-x86_64-debian-clang, r-devel-linux-x86_64-debian-gcc, r-devel-linux-x86_64-fedora-clang, r-devel-linux-x86_64-fedora-gcc, r-devel-windows-x86_64, r-patched-linux-x86_64, r-release-linux-x86_64, r-release-macos-arm64, r-release-macos-x86_64, r-release-windows-x86_64, r-oldrel-macos-arm64, r-oldrel-macos-x86_64, r-oldrel-windows-ix86+x86_64