Last updated on 2023-02-06 06:51:59 CET.
Flavor | Version | Tinstall | Tcheck | Ttotal | Status | Flags |
---|---|---|---|---|---|---|
r-devel-linux-x86_64-debian-clang | 0.2.0 | 8.27 | 68.74 | 77.01 | NOTE | |
r-devel-linux-x86_64-debian-gcc | 0.2.0 | 6.48 | 54.06 | 60.54 | NOTE | |
r-devel-linux-x86_64-fedora-clang | 0.2.0 | 95.18 | NOTE | |||
r-devel-linux-x86_64-fedora-gcc | 0.2.0 | 102.14 | NOTE | |||
r-devel-windows-x86_64 | 0.2.0 | 12.00 | 103.00 | 115.00 | NOTE | |
r-patched-linux-x86_64 | 0.2.0 | 6.16 | 68.44 | 74.60 | NOTE | |
r-release-linux-x86_64 | 0.2.0 | 8.12 | 68.07 | 76.19 | NOTE | |
r-release-macos-arm64 | 0.2.0 | 31.00 | NOTE | |||
r-release-macos-x86_64 | 0.2.0 | 42.00 | NOTE | |||
r-release-windows-x86_64 | 0.2.0 | 14.00 | 106.00 | 120.00 | NOTE | |
r-oldrel-macos-arm64 | 0.2.0 | 31.00 | NOTE | |||
r-oldrel-macos-x86_64 | 0.2.0 | 60.00 | NOTE | |||
r-oldrel-windows-ix86+x86_64 | 0.2.0 | 18.00 | 91.00 | 109.00 | NOTE |
Version: 0.2.0
Check: LazyData
Result: NOTE
'LazyData' is specified without a 'data' directory
Flavors: r-devel-linux-x86_64-debian-clang, r-devel-linux-x86_64-debian-gcc, r-devel-linux-x86_64-fedora-clang, r-devel-linux-x86_64-fedora-gcc, r-devel-windows-x86_64, r-patched-linux-x86_64, r-release-linux-x86_64, r-release-macos-arm64, r-release-macos-x86_64, r-release-windows-x86_64, r-oldrel-macos-arm64, r-oldrel-macos-x86_64, r-oldrel-windows-ix86+x86_64