CRAN Package Check Results for Package isdparser

Last updated on 2023-01-30 09:54:15 CET.

Flavor Version Tinstall Tcheck Ttotal Status Flags
r-devel-linux-x86_64-debian-clang 0.4.0 5.41 78.56 83.97 OK
r-devel-linux-x86_64-debian-gcc 0.4.0 4.14 59.85 63.99 OK
r-devel-linux-x86_64-fedora-clang 0.4.0 108.34 NOTE
r-devel-linux-x86_64-fedora-gcc 0.4.0 115.12 NOTE
r-devel-windows-x86_64 0.4.0 39.00 117.00 156.00 OK
r-patched-linux-x86_64 0.4.0 3.90 78.36 82.26 OK
r-release-linux-x86_64 0.4.0 5.56 63.45 69.01 OK
r-release-macos-arm64 0.4.0 29.00 NOTE
r-release-macos-x86_64 0.4.0 46.00 NOTE
r-release-windows-x86_64 0.4.0 36.00 120.00 156.00 OK
r-oldrel-macos-arm64 0.4.0 40.00 NOTE
r-oldrel-macos-x86_64 0.4.0 50.00 NOTE
r-oldrel-windows-ix86+x86_64 0.4.0 10.00 118.00 128.00 OK

Check Details

Version: 0.4.0
Check: data for non-ASCII characters
Result: NOTE
     Note: found 104 marked UTF-8 strings
Flavors: r-devel-linux-x86_64-fedora-clang, r-devel-linux-x86_64-fedora-gcc, r-release-macos-arm64, r-release-macos-x86_64, r-oldrel-macos-arm64, r-oldrel-macos-x86_64