Last updated on 2023-02-07 07:54:04 CET.
Flavor | Version | Tinstall | Tcheck | Ttotal | Status | Flags |
---|---|---|---|---|---|---|
r-devel-linux-x86_64-debian-clang | 0.2.7 | 213.32 | 217.73 | 431.05 | NOTE | |
r-devel-linux-x86_64-debian-gcc | 0.2.7 | 185.52 | 155.74 | 341.26 | NOTE | |
r-devel-linux-x86_64-fedora-clang | 0.2.7 | 603.95 | NOTE | |||
r-devel-linux-x86_64-fedora-gcc | 0.2.7 | 621.14 | NOTE | |||
r-devel-windows-x86_64 | 0.2.7 | 252.00 | 298.00 | 550.00 | NOTE | |
r-patched-linux-x86_64 | 0.2.7 | 192.98 | 191.56 | 384.54 | OK | |
r-release-linux-x86_64 | 0.2.7 | 194.07 | 192.94 | 387.01 | OK | |
r-release-macos-arm64 | 0.2.7 | 137.00 | NOTE | |||
r-release-macos-x86_64 | 0.2.7 | 172.00 | NOTE | |||
r-release-windows-x86_64 | 0.2.7 | 244.00 | 287.00 | 531.00 | OK | |
r-oldrel-macos-arm64 | 0.2.7 | 133.00 | NOTE | |||
r-oldrel-macos-x86_64 | 0.2.7 | 180.00 | NOTE | |||
r-oldrel-windows-ix86+x86_64 | 0.2.7 | 512.00 | 361.00 | 873.00 | NOTE |
Version: 0.2.7
Check: C++ specification
Result: NOTE
Specified C++11: please update to current default of C++17
Flavors: r-devel-linux-x86_64-debian-clang, r-devel-linux-x86_64-debian-gcc, r-devel-linux-x86_64-fedora-clang, r-devel-linux-x86_64-fedora-gcc, r-devel-windows-x86_64
Version: 0.2.7
Check: installed package size
Result: NOTE
installed size is 9.9Mb
sub-directories of 1Mb or more:
libs 8.3Mb
Flavors: r-release-macos-arm64, r-release-macos-x86_64, r-oldrel-macos-arm64, r-oldrel-macos-x86_64, r-oldrel-windows-ix86+x86_64