CRAN Package Check Results for Package ir

Last updated on 2023-02-02 06:54:55 CET.

Flavor Version Tinstall Tcheck Ttotal Status Flags
r-devel-linux-x86_64-debian-clang 0.2.1 11.10 250.09 261.19 NOTE
r-devel-linux-x86_64-debian-gcc 0.2.1 9.84 196.52 206.36 NOTE
r-devel-linux-x86_64-fedora-clang 0.2.1 319.46 NOTE
r-devel-linux-x86_64-fedora-gcc 0.2.1 347.56 NOTE
r-devel-windows-x86_64 0.2.1 50.00 343.00 393.00 NOTE
r-patched-linux-x86_64 0.2.1 10.21 252.41 262.62 OK
r-release-linux-x86_64 0.2.1 9.84 224.11 233.95 OK
r-release-macos-arm64 0.2.1 93.00 OK
r-release-macos-x86_64 0.2.1 146.00 OK
r-release-windows-x86_64 0.2.1 50.00 328.00 378.00 OK
r-oldrel-macos-arm64 0.2.1 90.00 OK
r-oldrel-macos-x86_64 0.2.1 120.00 OK
r-oldrel-windows-ix86+x86_64 0.2.1 28.00 303.00 331.00 OK

Check Details

Version: 0.2.1
Check: Rd files
Result: NOTE
    checkRd: (-1) ir_to_transmittance.Rd:49: Escaped LaTeX specials: \&
Flavors: r-devel-linux-x86_64-debian-clang, r-devel-linux-x86_64-debian-gcc, r-devel-linux-x86_64-fedora-clang, r-devel-linux-x86_64-fedora-gcc, r-devel-windows-x86_64