CRAN Package Check Results for Package ipaddress

Last updated on 2023-01-31 07:54:14 CET.

Flavor Version Tinstall Tcheck Ttotal Status Flags
r-devel-linux-x86_64-debian-clang 1.0.0 140.95 72.40 213.35 OK
r-devel-linux-x86_64-debian-gcc 1.0.0 115.02 52.96 167.98 NOTE
r-devel-linux-x86_64-fedora-clang 1.0.0 329.79 NOTE
r-devel-linux-x86_64-fedora-gcc 1.0.0 328.18 NOTE
r-devel-windows-x86_64 1.0.0 259.00 148.00 407.00 NOTE
r-patched-linux-x86_64 1.0.0 128.44 67.09 195.53 OK
r-release-linux-x86_64 1.0.0 127.09 50.91 178.00 OK
r-release-macos-arm64 1.0.0 90.00 NOTE
r-release-macos-x86_64 1.0.0 105.00 NOTE
r-release-windows-x86_64 1.0.0 229.00 149.00 378.00 OK
r-oldrel-macos-arm64 1.0.0 71.00 NOTE
r-oldrel-macos-x86_64 1.0.0 110.00 NOTE
r-oldrel-windows-ix86+x86_64 1.0.0 370.00 161.00 531.00 OK

Check Details

Version: 1.0.0
Check: C++ specification
Result: NOTE
     Specified C++11: please update to current default of C++17
Flavors: r-devel-linux-x86_64-debian-gcc, r-devel-linux-x86_64-fedora-clang, r-devel-linux-x86_64-fedora-gcc, r-devel-windows-x86_64

Version: 1.0.0
Check: installed package size
Result: NOTE
     installed size is 7.2Mb
     sub-directories of 1Mb or more:
     libs 6.7Mb
Flavors: r-release-macos-arm64, r-release-macos-x86_64, r-oldrel-macos-arm64, r-oldrel-macos-x86_64