Last updated on 2023-02-05 07:57:25 CET.
Flavor | Version | Tinstall | Tcheck | Ttotal | Status | Flags |
---|---|---|---|---|---|---|
r-devel-linux-x86_64-debian-clang | 1.1-4 | 7.74 | 72.50 | 80.24 | OK | |
r-devel-linux-x86_64-debian-gcc | 1.1-4 | 6.57 | 55.72 | 62.29 | OK | |
r-devel-linux-x86_64-fedora-clang | 1.1-4 | 105.53 | NOTE | |||
r-devel-linux-x86_64-fedora-gcc | 1.1-4 | 98.75 | NOTE | |||
r-devel-windows-x86_64 | 1.1-4 | 21.00 | 112.00 | 133.00 | OK | |
r-patched-linux-x86_64 | 1.1-4 | 8.35 | 68.16 | 76.51 | OK | |
r-release-linux-x86_64 | 1.1-4 | 5.35 | 70.92 | 76.27 | OK | |
r-release-macos-arm64 | 1.1-4 | 34.00 | NOTE | |||
r-release-macos-x86_64 | 1.1-4 | 63.00 | NOTE | |||
r-release-windows-x86_64 | 1.1-4 | 18.00 | 116.00 | 134.00 | OK | |
r-oldrel-macos-arm64 | 1.1-4 | 31.00 | NOTE | |||
r-oldrel-macos-x86_64 | 1.1-4 | 44.00 | NOTE | |||
r-oldrel-windows-ix86+x86_64 | 1.1-4 | 18.00 | 99.00 | 117.00 | OK |
Version: 1.1-4
Check: data for non-ASCII characters
Result: NOTE
Note: found 12106 marked UTF-8 strings
Flavors: r-devel-linux-x86_64-fedora-clang, r-devel-linux-x86_64-fedora-gcc, r-release-macos-arm64, r-release-macos-x86_64, r-oldrel-macos-arm64, r-oldrel-macos-x86_64