CRAN Package Check Results for Package intervalaverage

Last updated on 2022-10-01 07:55:04 CEST.

Flavor Version Tinstall Tcheck Ttotal Status Flags
r-devel-linux-x86_64-debian-clang 0.8.0 28.31 178.08 206.39 NOTE
r-devel-linux-x86_64-debian-gcc 0.8.0 22.19 126.55 148.74 NOTE
r-devel-linux-x86_64-fedora-clang 0.8.0 246.08 NOTE
r-devel-linux-x86_64-fedora-gcc 0.8.0 222.01 NOTE
r-devel-windows-x86_64 0.8.0 41.00 190.00 231.00 NOTE
r-patched-linux-x86_64 0.8.0 22.42 163.01 185.43 NOTE
r-release-linux-x86_64 0.8.0 23.08 143.54 166.62 NOTE
r-release-macos-arm64 0.8.0 55.00 NOTE
r-release-macos-x86_64 0.8.0 84.00 NOTE
r-release-windows-x86_64 0.8.0 44.00 198.00 242.00 NOTE
r-oldrel-macos-arm64 0.8.0 64.00 NOTE
r-oldrel-macos-x86_64 0.8.0 129.00 NOTE
r-oldrel-windows-ix86+x86_64 0.8.0 67.00 290.00 357.00 NOTE

Check Details

Version: 0.8.0
Check: LazyData
Result: NOTE
     'LazyData' is specified without a 'data' directory
Flavors: r-devel-linux-x86_64-debian-clang, r-devel-linux-x86_64-debian-gcc, r-devel-linux-x86_64-fedora-clang, r-devel-linux-x86_64-fedora-gcc, r-devel-windows-x86_64, r-patched-linux-x86_64, r-release-linux-x86_64, r-release-macos-arm64, r-release-macos-x86_64, r-release-windows-x86_64, r-oldrel-macos-arm64, r-oldrel-macos-x86_64, r-oldrel-windows-ix86+x86_64