Last updated on 2023-01-27 07:50:35 CET.
Flavor | Version | Tinstall | Tcheck | Ttotal | Status | Flags |
---|---|---|---|---|---|---|
r-devel-linux-x86_64-debian-clang | 0.8.0 | 25.76 | 175.70 | 201.46 | NOTE | |
r-devel-linux-x86_64-debian-gcc | 0.8.0 | 19.65 | 120.82 | 140.47 | NOTE | |
r-devel-linux-x86_64-fedora-clang | 0.8.0 | 244.24 | NOTE | |||
r-devel-linux-x86_64-fedora-gcc | 0.8.0 | 219.34 | NOTE | |||
r-devel-windows-x86_64 | 0.8.0 | 42.00 | 196.00 | 238.00 | NOTE | |
r-patched-linux-x86_64 | 0.8.0 | 25.04 | 154.36 | 179.40 | NOTE | |
r-release-linux-x86_64 | 0.8.0 | 21.97 | 155.99 | 177.96 | NOTE | |
r-release-macos-arm64 | 0.8.0 | 55.00 | NOTE | |||
r-release-macos-x86_64 | 0.8.0 | 84.00 | NOTE | |||
r-release-windows-x86_64 | 0.8.0 | 42.00 | 207.00 | 249.00 | NOTE | |
r-oldrel-macos-arm64 | 0.8.0 | 64.00 | NOTE | |||
r-oldrel-macos-x86_64 | 0.8.0 | 129.00 | NOTE | |||
r-oldrel-windows-ix86+x86_64 | 0.8.0 | 66.00 | 289.00 | 355.00 | NOTE |
Version: 0.8.0
Check: LazyData
Result: NOTE
'LazyData' is specified without a 'data' directory
Flavors: r-devel-linux-x86_64-debian-clang, r-devel-linux-x86_64-debian-gcc, r-devel-linux-x86_64-fedora-clang, r-devel-linux-x86_64-fedora-gcc, r-devel-windows-x86_64, r-patched-linux-x86_64, r-release-linux-x86_64, r-release-macos-arm64, r-release-macos-x86_64, r-release-windows-x86_64, r-oldrel-macos-arm64, r-oldrel-macos-x86_64, r-oldrel-windows-ix86+x86_64