CRAN Package Check Results for Package interplot

Last updated on 2023-01-27 07:50:35 CET.

Flavor Version Tinstall Tcheck Ttotal Status Flags
r-devel-linux-x86_64-debian-clang 0.2.3 18.13 156.21 174.34 NOTE
r-devel-linux-x86_64-debian-gcc 0.2.3 13.12 112.48 125.60 NOTE
r-devel-linux-x86_64-fedora-clang 0.2.3 218.66 NOTE
r-devel-linux-x86_64-fedora-gcc 0.2.3 213.62 NOTE
r-devel-windows-x86_64 0.2.3 24.00 174.00 198.00 NOTE
r-patched-linux-x86_64 0.2.3 14.56 145.58 160.14 NOTE
r-release-linux-x86_64 0.2.3 15.24 144.26 159.50 NOTE
r-release-macos-arm64 0.2.3 62.00 NOTE
r-release-macos-x86_64 0.2.3 93.00 NOTE
r-release-windows-x86_64 0.2.3 24.00 186.00 210.00 NOTE
r-oldrel-macos-arm64 0.2.3 81.00 NOTE
r-oldrel-macos-x86_64 0.2.3 132.00 NOTE
r-oldrel-windows-ix86+x86_64 0.2.3 36.00 172.00 208.00 NOTE

Check Details

Version: 0.2.3
Check: LazyData
Result: NOTE
     'LazyData' is specified without a 'data' directory
Flavors: r-devel-linux-x86_64-debian-clang, r-devel-linux-x86_64-debian-gcc, r-devel-linux-x86_64-fedora-clang, r-devel-linux-x86_64-fedora-gcc, r-devel-windows-x86_64, r-patched-linux-x86_64, r-release-linux-x86_64, r-release-macos-arm64, r-release-macos-x86_64, r-release-windows-x86_64, r-oldrel-macos-arm64, r-oldrel-macos-x86_64, r-oldrel-windows-ix86+x86_64