Last updated on 2023-02-09 07:56:52 CET.
Flavor | Version | Tinstall | Tcheck | Ttotal | Status | Flags |
---|---|---|---|---|---|---|
r-devel-linux-x86_64-debian-clang | 0.3.2 | 33.56 | 33.63 | 67.19 | NOTE | |
r-devel-linux-x86_64-debian-gcc | 0.3.2 | 24.07 | 26.39 | 50.46 | NOTE | |
r-devel-linux-x86_64-fedora-clang | 0.3.2 | 92.60 | NOTE | |||
r-devel-linux-x86_64-fedora-gcc | 0.3.2 | 88.52 | NOTE | |||
r-devel-windows-x86_64 | 0.3.2 | 38.00 | 85.00 | 123.00 | NOTE | |
r-patched-linux-x86_64 | 0.3.2 | 28.35 | 31.99 | 60.34 | OK | |
r-release-linux-x86_64 | 0.3.2 | 25.72 | 32.48 | 58.20 | OK | |
r-release-macos-arm64 | 0.3.2 | 28.00 | OK | |||
r-release-macos-x86_64 | 0.3.2 | 38.00 | OK | |||
r-release-windows-x86_64 | 0.3.2 | 36.00 | 88.00 | 124.00 | OK | |
r-oldrel-macos-arm64 | 0.3.2 | 26.00 | OK | |||
r-oldrel-macos-x86_64 | 0.3.2 | 36.00 | OK | |||
r-oldrel-windows-ix86+x86_64 | 0.3.2 | 81.00 | 89.00 | 170.00 | OK |
Version: 0.3.2
Check: C++ specification
Result: NOTE
Specified C++11: please update to current default of C++17
Flavor: r-devel-linux-x86_64-debian-clang
Version: 0.3.2
Check: C++ specification
Result: NOTE
Specified C++11: please drop specification unless essential
Flavors: r-devel-linux-x86_64-debian-gcc, r-devel-linux-x86_64-fedora-clang, r-devel-linux-x86_64-fedora-gcc, r-devel-windows-x86_64