CRAN Package Check Results for Package intcensROC

Last updated on 2022-10-01 07:55:04 CEST.

Flavor Version Tinstall Tcheck Ttotal Status Flags
r-devel-linux-x86_64-debian-clang 0.1.3 62.92 39.34 102.26 OK
r-devel-linux-x86_64-debian-gcc 0.1.3 48.83 33.37 82.20 OK
r-devel-linux-x86_64-fedora-clang 0.1.3 154.86 OK
r-devel-linux-x86_64-fedora-gcc 0.1.3 147.02 OK
r-devel-windows-x86_64 0.1.3 52.00 107.00 159.00 OK
r-patched-linux-x86_64 0.1.3 42.16 41.34 83.50 OK
r-release-linux-x86_64 0.1.3 51.04 35.73 86.77 OK
r-release-macos-arm64 0.1.3 39.00 NOTE
r-release-macos-x86_64 0.1.3 53.00 NOTE
r-release-windows-x86_64 0.1.3 60.00 117.00 177.00 OK
r-oldrel-macos-arm64 0.1.3 51.00 NOTE
r-oldrel-macos-x86_64 0.1.3 55.00 NOTE
r-oldrel-windows-ix86+x86_64 0.1.3 141.00 107.00 248.00 OK

Check Details

Version: 0.1.3
Check: installed package size
Result: NOTE
     installed size is 11.4Mb
     sub-directories of 1Mb or more:
     libs 11.2Mb
Flavors: r-release-macos-arm64, r-release-macos-x86_64, r-oldrel-macos-arm64, r-oldrel-macos-x86_64