CRAN Package Check Results for Package insuranceData

Last updated on 2024-06-16 06:58:48 CEST.

Flavor Version Tinstall Tcheck Ttotal Status Flags
r-devel-linux-x86_64-debian-clang 1.0 2.04 20.53 22.57 NOTE
r-devel-linux-x86_64-debian-gcc 1.0 1.13 16.05 17.18 NOTE
r-devel-linux-x86_64-fedora-clang 1.0 28.22 NOTE
r-devel-linux-x86_64-fedora-gcc 1.0 27.47 NOTE
r-devel-windows-x86_64 1.0 2.00 38.00 40.00 NOTE
r-patched-linux-x86_64 1.0 1.67 19.75 21.42 NOTE
r-release-linux-x86_64 1.0 1.91 19.88 21.79 NOTE
r-release-macos-arm64 1.0 13.00 NOTE
r-release-macos-x86_64 1.0 26.00 NOTE
r-release-windows-x86_64 1.0 2.00 38.00 40.00 NOTE
r-oldrel-macos-arm64 1.0 18.00 NOTE
r-oldrel-macos-x86_64 1.0 18.00 NOTE
r-oldrel-windows-x86_64 1.0 2.00 37.00 39.00 NOTE

Check Details

Version: 1.0
Check: DESCRIPTION meta-information
Result: NOTE Malformed Title field: should not end in a period. Flavors: r-devel-linux-x86_64-debian-clang, r-devel-linux-x86_64-debian-gcc, r-devel-linux-x86_64-fedora-clang, r-devel-linux-x86_64-fedora-gcc, r-devel-windows-x86_64, r-patched-linux-x86_64, r-release-linux-x86_64, r-release-macos-arm64, r-release-macos-x86_64, r-release-windows-x86_64, r-oldrel-macos-arm64, r-oldrel-macos-x86_64, r-oldrel-windows-x86_64