Last updated on 2023-06-10 08:00:25 CEST.
Flavor | Version | Tinstall | Tcheck | Ttotal | Status | Flags |
---|---|---|---|---|---|---|
r-devel-linux-x86_64-debian-clang | 0.19.2 | 30.42 | 582.28 | 612.70 | NOTE | |
r-devel-linux-x86_64-debian-gcc | 0.19.2 | 23.74 | 449.20 | 472.94 | NOTE | |
r-devel-linux-x86_64-fedora-clang | 0.19.2 | 790.06 | NOTE | |||
r-devel-linux-x86_64-fedora-gcc | 0.19.2 | 787.11 | NOTE | |||
r-devel-windows-x86_64 | 0.19.2 | 29.00 | 328.00 | 357.00 | OK | |
r-patched-linux-x86_64 | 0.19.2 | 28.41 | 569.83 | 598.24 | NOTE | |
r-release-linux-x86_64 | 0.19.2 | 25.28 | 570.55 | 595.83 | NOTE | |
r-release-macos-arm64 | 0.19.2 | 155.00 | OK | |||
r-release-macos-x86_64 | 0.19.1 | 204.00 | OK | |||
r-release-windows-x86_64 | 0.19.2 | 31.00 | 412.00 | 443.00 | OK | |
r-oldrel-macos-arm64 | 0.19.2 | 145.00 | OK | |||
r-oldrel-macos-x86_64 | 0.19.2 | 177.00 | OK | |||
r-oldrel-windows-x86_64 | 0.19.2 | 38.00 | 392.00 | 430.00 | OK |
Version: 0.19.2
Check: package dependencies
Result: NOTE
Package suggested but not available for checking: ‘panelr’
Flavors: r-devel-linux-x86_64-debian-clang, r-devel-linux-x86_64-debian-gcc, r-devel-linux-x86_64-fedora-clang, r-devel-linux-x86_64-fedora-gcc, r-patched-linux-x86_64, r-release-linux-x86_64