CRAN Package Check Results for Package inlinedocs

Last updated on 2023-01-27 07:50:35 CET.

Flavor Version Tinstall Tcheck Ttotal Status Flags
r-devel-linux-x86_64-debian-clang 2019.12.5 6.31 35.90 42.21 OK
r-devel-linux-x86_64-debian-gcc 2019.12.5 4.25 28.02 32.27 OK
r-devel-linux-x86_64-fedora-clang 2019.12.5 54.43 NOTE
r-devel-linux-x86_64-fedora-gcc 2019.12.5 50.79 OK
r-devel-windows-x86_64 2019.12.5 22.00 79.00 101.00 OK
r-patched-linux-x86_64 2019.12.5 5.16 34.89 40.05 OK
r-release-linux-x86_64 2019.12.5 5.74 35.48 41.22 OK
r-release-macos-arm64 2019.12.5 23.00 OK
r-release-macos-x86_64 2019.12.5 31.00 OK
r-release-windows-x86_64 2019.12.5 72.00 80.00 152.00 OK
r-oldrel-macos-arm64 2019.12.5 27.00 OK
r-oldrel-macos-x86_64 2019.12.5 39.00 OK
r-oldrel-windows-ix86+x86_64 2019.12.5 10.00 66.00 76.00 OK

Check Details

Version: 2019.12.5
Check: Rd cross-references
Result: NOTE
    Undeclared package ‘R.methodsS3’ in Rd xrefs
Flavor: r-devel-linux-x86_64-fedora-clang