CRAN Package Check Results for Package infix

Last updated on 2023-01-30 09:54:14 CET.

Flavor Version Tinstall Tcheck Ttotal Status Flags
r-devel-linux-x86_64-debian-clang 0.1.0 1.62 21.08 22.70 NOTE
r-devel-linux-x86_64-debian-gcc 0.1.0 1.50 16.36 17.86 NOTE
r-devel-linux-x86_64-fedora-clang 0.1.0 29.50 NOTE
r-devel-linux-x86_64-fedora-gcc 0.1.0 27.89 NOTE
r-devel-windows-x86_64 0.1.0 14.00 51.00 65.00 NOTE
r-patched-linux-x86_64 0.1.0 2.26 19.64 21.90 NOTE
r-release-linux-x86_64 0.1.0 1.38 20.63 22.01 NOTE
r-release-macos-arm64 0.1.0 13.00 NOTE
r-release-macos-x86_64 0.1.0 19.00 NOTE
r-release-windows-x86_64 0.1.0 9.00 50.00 59.00 NOTE
r-oldrel-macos-arm64 0.1.0 17.00 NOTE
r-oldrel-macos-x86_64 0.1.0 24.00 NOTE
r-oldrel-windows-ix86+x86_64 0.1.0 4.00 47.00 51.00 NOTE

Check Details

Version: 0.1.0
Check: LazyData
Result: NOTE
     'LazyData' is specified without a 'data' directory
Flavors: r-devel-linux-x86_64-debian-clang, r-devel-linux-x86_64-debian-gcc, r-devel-linux-x86_64-fedora-clang, r-devel-linux-x86_64-fedora-gcc, r-devel-windows-x86_64, r-patched-linux-x86_64, r-release-linux-x86_64, r-release-macos-arm64, r-release-macos-x86_64, r-release-windows-x86_64, r-oldrel-macos-arm64, r-oldrel-macos-x86_64, r-oldrel-windows-ix86+x86_64