CRAN Package Check Results for Package infinitefactor

Last updated on 2024-03-03 08:52:35 CET.

Flavor Version Tinstall Tcheck Ttotal Status Flags
r-devel-linux-x86_64-debian-clang 1.0 65.52 74.69 140.21 NOTE
r-devel-linux-x86_64-debian-gcc 1.0 51.02 54.58 105.60 NOTE
r-devel-linux-x86_64-fedora-clang 1.0 184.03 NOTE
r-devel-linux-x86_64-fedora-gcc 1.0 184.85 NOTE
r-devel-windows-x86_64 1.0 49.00 99.00 148.00 NOTE
r-patched-linux-x86_64 1.0 61.58 69.69 131.27 NOTE
r-release-linux-x86_64 1.0 60.74 69.83 130.57 NOTE
r-release-macos-arm64 1.0 54.00 NOTE
r-release-macos-x86_64 1.0 84.00 NOTE
r-release-windows-x86_64 1.0 62.00 116.00 178.00 NOTE
r-oldrel-macos-arm64 1.0 48.00 NOTE
r-oldrel-windows-x86_64 1.0 61.00 155.00 216.00 OK

Check Details

Version: 1.0
Check: C++ specification
Result: NOTE Specified C++11: please drop specification unless essential Flavors: r-devel-linux-x86_64-debian-clang, r-devel-linux-x86_64-debian-gcc, r-devel-linux-x86_64-fedora-clang, r-devel-linux-x86_64-fedora-gcc, r-devel-windows-x86_64, r-patched-linux-x86_64, r-release-linux-x86_64, r-release-macos-arm64, r-release-macos-x86_64, r-release-windows-x86_64

Version: 1.0
Check: installed package size
Result: NOTE installed size is 5.2Mb sub-directories of 1Mb or more: libs 5.1Mb Flavor: r-oldrel-macos-arm64