Last updated on 2023-01-30 09:54:14 CET.
Flavor | Version | Tinstall | Tcheck | Ttotal | Status | Flags |
---|---|---|---|---|---|---|
r-devel-linux-x86_64-debian-clang | 1.0 | 62.38 | 82.89 | 145.27 | OK | |
r-devel-linux-x86_64-debian-gcc | 1.0 | 52.08 | 59.76 | 111.84 | NOTE | |
r-devel-linux-x86_64-fedora-clang | 1.0 | 192.09 | NOTE | |||
r-devel-linux-x86_64-fedora-gcc | 1.0 | 196.99 | NOTE | |||
r-devel-windows-x86_64 | 1.0 | 68.00 | 132.00 | 200.00 | NOTE | |
r-patched-linux-x86_64 | 1.0 | 53.98 | 76.69 | 130.67 | OK | |
r-release-linux-x86_64 | 1.0 | 49.52 | 78.25 | 127.77 | OK | |
r-release-macos-arm64 | 1.0 | 48.00 | NOTE | |||
r-release-macos-x86_64 | 1.0 | 85.00 | OK | |||
r-release-windows-x86_64 | 1.0 | 225.00 | 138.00 | 363.00 | OK | |
r-oldrel-macos-arm64 | 1.0 | 62.00 | NOTE | |||
r-oldrel-macos-x86_64 | 1.0 | 77.00 | NOTE | |||
r-oldrel-windows-ix86+x86_64 | 1.0 | 153.00 | 166.00 | 319.00 | OK |
Version: 1.0
Check: C++ specification
Result: NOTE
Specified C++11: please update to current default of C++17
Flavors: r-devel-linux-x86_64-debian-gcc, r-devel-linux-x86_64-fedora-clang, r-devel-linux-x86_64-fedora-gcc, r-devel-windows-x86_64
Version: 1.0
Check: installed package size
Result: NOTE
installed size is 5.2Mb
sub-directories of 1Mb or more:
libs 5.1Mb
Flavors: r-release-macos-arm64, r-oldrel-macos-arm64, r-oldrel-macos-x86_64