Last updated on 2023-03-22 05:52:29 CET.
Flavor | Version | Tinstall | Tcheck | Ttotal | Status | Flags |
---|---|---|---|---|---|---|
r-devel-linux-x86_64-debian-clang | 1.7.12 | 6.20 | 77.37 | 83.57 | OK | |
r-devel-linux-x86_64-debian-gcc | 1.7.12 | 5.00 | 79.54 | 84.54 | OK | |
r-devel-linux-x86_64-fedora-clang | 1.7.12 | 141.42 | OK | |||
r-devel-linux-x86_64-fedora-gcc | 1.7.12 | 146.97 | OK | |||
r-patched-linux-x86_64 | 1.7.12 | 7.47 | 103.37 | 110.84 | OK | |
r-release-linux-x86_64 | 1.7.12 | 7.34 | 104.88 | 112.22 | OK | |
r-release-macos-arm64 | 1.7.12 | 34.00 | OK | |||
r-release-macos-x86_64 | 1.7.12 | 52.00 | OK | |||
r-release-windows-x86_64 | 1.7.12 | 31.00 | 141.00 | 172.00 | OK | |
r-oldrel-macos-arm64 | 1.7.12 | 38.00 | OK | |||
r-oldrel-macos-x86_64 | 1.7.12 | 50.00 | OK | |||
r-oldrel-windows-ix86+x86_64 | 1.7.12 | 12.00 | 104.00 | 116.00 | WARN |
Version: 1.7.12
Check: re-building of vignette outputs
Result: WARN
Error(s) in re-building vignettes:
During startup - Warning messages:
1: package "methods" in options("defaultPackages") was not found
2: In doTryCatch(return(expr), name, parentenv, handler) :
restarting interrupted promise evaluation
--- re-building 'IndicatorSpeciesAnalysis.Rmd' using rmarkdown
Error: processing vignette 'IndicatorSpeciesAnalysis.Rmd' failed with diagnostics:
'CreateProcess' failed to run 'D:\compiler\pandoc\pandoc.exe --version'
--- failed re-building 'IndicatorSpeciesAnalysis.Rmd'
--- re-building 'PigeonExample.Rmd' using rmarkdown
--- finished re-building 'PigeonExample.Rmd'
SUMMARY: processing the following file failed:
'IndicatorSpeciesAnalysis.Rmd'
Error: Vignette re-building failed.
Execution halted
Flavor: r-oldrel-windows-ix86+x86_64