CRAN Package Check Results for Package incR

Last updated on 2023-02-02 06:54:55 CET.

Flavor Version Tinstall Tcheck Ttotal Status Flags
r-devel-linux-x86_64-debian-clang 1.1.0 2.64 44.70 47.34 OK
r-devel-linux-x86_64-debian-gcc 1.1.0 1.85 32.68 34.53 OK
r-devel-linux-x86_64-fedora-clang 1.1.0 57.76 NOTE
r-devel-linux-x86_64-fedora-gcc 1.1.0 68.72 NOTE
r-devel-windows-x86_64 1.1.0 16.00 80.00 96.00 OK
r-patched-linux-x86_64 1.1.0 6.92 43.24 50.16 OK
r-release-linux-x86_64 1.1.0 3.32 44.05 47.37 OK
r-release-macos-arm64 1.1.0 25.00 NOTE
r-release-macos-x86_64 1.1.0 39.00 NOTE
r-release-windows-x86_64 1.1.0 7.00 87.00 94.00 OK
r-oldrel-macos-arm64 1.1.0 32.00 NOTE
r-oldrel-macos-x86_64 1.1.0 36.00 NOTE
r-oldrel-windows-ix86+x86_64 1.1.0 8.00 69.00 77.00 OK

Check Details

Version: 1.1.0
Check: dependencies in R code
Result: NOTE
    Namespaces in Imports field not imported from:
     ‘dplyr’ ‘rgeos’
     All declared Imports should be used.
Flavors: r-devel-linux-x86_64-fedora-clang, r-devel-linux-x86_64-fedora-gcc, r-release-macos-arm64, r-release-macos-x86_64, r-oldrel-macos-arm64, r-oldrel-macos-x86_64