Last updated on 2023-04-02 07:55:15 CEST.
Flavor | Version | Tinstall | Tcheck | Ttotal | Status | Flags |
---|---|---|---|---|---|---|
r-devel-linux-x86_64-debian-clang | 3.3.0 | 13.66 | 348.17 | 361.83 | OK | |
r-devel-linux-x86_64-debian-gcc | 3.3.0 | 10.96 | 252.51 | 263.47 | OK | |
r-devel-linux-x86_64-fedora-clang | 3.3.0 | 464.83 | NOTE | |||
r-devel-linux-x86_64-fedora-gcc | 3.3.0 | 454.88 | OK | |||
r-devel-windows-x86_64 | 3.3.0 | 32.00 | 442.00 | 474.00 | NOTE | |
r-patched-linux-x86_64 | 3.3.0 | 20.11 | 326.65 | 346.76 | OK | |
r-release-linux-x86_64 | 3.3.0 | 10.44 | 323.15 | 333.59 | OK | |
r-release-macos-arm64 | 3.3.0 | 111.00 | NOTE | |||
r-release-macos-x86_64 | 3.3.0 | 149.00 | NOTE | |||
r-release-windows-x86_64 | 3.3.0 | 67.00 | 472.00 | 539.00 | NOTE | |
r-oldrel-macos-arm64 | 3.3.0 | 104.00 | NOTE | |||
r-oldrel-macos-x86_64 | 3.3.0 | 163.00 | NOTE | |||
r-oldrel-windows-ix86+x86_64 | 3.3.0 | 32.00 | 428.00 | 460.00 | NOTE |
Version: 3.3.0
Check: installed package size
Result: NOTE
installed size is 10.2Mb
sub-directories of 1Mb or more:
doc 9.6Mb
Flavors: r-devel-linux-x86_64-fedora-clang, r-devel-windows-x86_64, r-release-macos-arm64, r-release-macos-x86_64, r-release-windows-x86_64, r-oldrel-macos-arm64, r-oldrel-macos-x86_64, r-oldrel-windows-ix86+x86_64
Version: 3.3.0
Check: Rd cross-references
Result: NOTE
Undeclared package ‘DT’ in Rd xrefs
Flavor: r-devel-linux-x86_64-fedora-clang
Version: 3.3.0
Check: R code for possible problems
Result: NOTE
Initiating curl with CURL_SSL_BACKEND: openssl
Flavor: r-oldrel-windows-ix86+x86_64