CRAN Package Check Results for Package imputeTS

Last updated on 2023-02-01 07:53:06 CET.

Flavor Version Tinstall Tcheck Ttotal Status Flags
r-devel-linux-x86_64-debian-clang 3.3 38.97 137.27 176.24 OK
r-devel-linux-x86_64-debian-gcc 3.3 29.72 139.33 169.05 OK
r-devel-linux-x86_64-fedora-clang 3.3 295.28 OK
r-devel-linux-x86_64-fedora-gcc 3.3 298.50 OK
r-devel-windows-x86_64 3.3 69.00 294.00 363.00 OK
r-patched-linux-x86_64 3.3 33.02 145.20 178.22 OK
r-release-linux-x86_64 3.3 27.51 186.27 213.78 OK
r-release-macos-arm64 3.3 85.00 OK
r-release-macos-x86_64 3.3 109.00 OK
r-release-windows-x86_64 3.3 73.00 277.00 350.00 OK
r-oldrel-macos-arm64 3.3 88.00 OK
r-oldrel-macos-x86_64 3.3 109.00 OK
r-oldrel-windows-ix86+x86_64 3.3 86.00 385.00 471.00 NOTE

Check Details

Version: 3.3
Check: installed package size
Result: NOTE
     installed size is 5.1Mb
     sub-directories of 1Mb or more:
     data 1.3Mb
     doc 1.1Mb
     libs 2.1Mb
Flavor: r-oldrel-windows-ix86+x86_64