Last updated on 2023-01-31 07:54:14 CET.
Flavor | Version | Tinstall | Tcheck | Ttotal | Status | Flags |
---|---|---|---|---|---|---|
r-devel-linux-x86_64-debian-clang | 0.4.1 | 28.25 | 66.07 | 94.32 | NOTE | |
r-devel-linux-x86_64-debian-gcc | 0.4.1 | 24.90 | 49.21 | 74.11 | NOTE | |
r-devel-linux-x86_64-fedora-clang | 0.4.1 | 132.59 | NOTE | |||
r-devel-linux-x86_64-fedora-gcc | 0.4.1 | 136.93 | NOTE | |||
r-devel-windows-x86_64 | 0.4.1 | 62.00 | 121.00 | 183.00 | NOTE | |
r-patched-linux-x86_64 | 0.4.1 | 20.74 | 53.84 | 74.58 | NOTE | |
r-release-linux-x86_64 | 0.4.1 | 21.08 | 45.84 | 66.92 | NOTE | |
r-release-macos-arm64 | 0.4.1 | 37.00 | NOTE | |||
r-release-macos-x86_64 | 0.4.1 | 49.00 | NOTE | |||
r-release-windows-x86_64 | 0.4.1 | 56.00 | 121.00 | 177.00 | NOTE | |
r-oldrel-macos-arm64 | 0.4.1 | 40.00 | NOTE | |||
r-oldrel-macos-x86_64 | 0.4.1 | 48.00 | NOTE | |||
r-oldrel-windows-ix86+x86_64 | 0.4.1 | 73.00 | 128.00 | 201.00 | NOTE |
Version: 0.4.1
Check: package dependencies
Result: NOTE
Package suggested but not available for checking: ‘accdata’
Flavors: r-devel-linux-x86_64-debian-clang, r-devel-linux-x86_64-debian-gcc, r-devel-linux-x86_64-fedora-clang, r-devel-linux-x86_64-fedora-gcc, r-devel-windows-x86_64, r-patched-linux-x86_64, r-release-linux-x86_64, r-release-macos-arm64, r-release-macos-x86_64, r-release-windows-x86_64, r-oldrel-macos-arm64, r-oldrel-macos-x86_64, r-oldrel-windows-ix86+x86_64