Last updated on 2023-02-02 06:54:55 CET.
Flavor | Version | Tinstall | Tcheck | Ttotal | Status | Flags |
---|---|---|---|---|---|---|
r-devel-linux-x86_64-debian-clang | 0.3.1 | 4.45 | 46.80 | 51.25 | NOTE | |
r-devel-linux-x86_64-debian-gcc | 0.3.1 | 3.69 | 40.40 | 44.09 | NOTE | |
r-devel-linux-x86_64-fedora-clang | 0.3.1 | 71.94 | NOTE | |||
r-devel-linux-x86_64-fedora-gcc | 0.3.1 | 69.04 | NOTE | |||
r-patched-linux-x86_64 | 0.3.1 | 3.19 | 53.47 | 56.66 | NOTE | |
r-release-linux-x86_64 | 0.3.1 | 3.40 | 37.62 | 41.02 | NOTE | |
r-release-macos-arm64 | 0.3.1 | 25.00 | NOTE | |||
r-release-macos-x86_64 | 0.3.1 | 42.00 | NOTE | |||
r-release-windows-x86_64 | 0.3.1 | 16.00 | 84.00 | 100.00 | NOTE | |
r-oldrel-macos-arm64 | 0.3.1 | 29.00 | NOTE | |||
r-oldrel-macos-x86_64 | 0.3.1 | 36.00 | NOTE | |||
r-oldrel-windows-ix86+x86_64 | 0.3.1 | 10.00 | 81.00 | 91.00 | NOTE |
Version: 0.3.1
Check: LazyData
Result: NOTE
'LazyData' is specified without a 'data' directory
Flavors: r-devel-linux-x86_64-debian-clang, r-devel-linux-x86_64-debian-gcc, r-devel-linux-x86_64-fedora-clang, r-devel-linux-x86_64-fedora-gcc, r-patched-linux-x86_64, r-release-linux-x86_64, r-release-macos-arm64, r-release-macos-x86_64, r-release-windows-x86_64, r-oldrel-macos-arm64, r-oldrel-macos-x86_64, r-oldrel-windows-ix86+x86_64