CRAN Package Check Results for Package imbibe

Last updated on 2023-01-30 09:54:14 CET.

Flavor Version Tinstall Tcheck Ttotal Status Flags
r-devel-linux-x86_64-debian-clang 0.1.1 35.27 31.26 66.53 OK
r-devel-linux-x86_64-debian-gcc 0.1.1 29.19 26.25 55.44 WARN
r-devel-linux-x86_64-fedora-clang 0.1.1 90.32 WARN
r-devel-linux-x86_64-fedora-gcc 0.1.1 95.11 WARN
r-devel-windows-x86_64 0.1.1 54.00 91.00 145.00 WARN
r-patched-linux-x86_64 0.1.1 28.94 30.74 59.68 OK
r-release-linux-x86_64 0.1.1 27.54 23.83 51.37 OK
r-release-macos-arm64 0.1.1 33.00 OK
r-release-macos-x86_64 0.1.1 41.00 OK
r-release-windows-x86_64 0.1.1 74.00 93.00 167.00 OK
r-oldrel-macos-arm64 0.1.1 34.00 OK
r-oldrel-macos-x86_64 0.1.1 62.00 OK
r-oldrel-windows-ix86+x86_64 0.1.1 78.00 97.00 175.00 OK

Additional issues

M1mac

Check Details

Version: 0.1.1
Check: whether package can be installed
Result: WARN
    Found the following significant warnings:
     /home/hornik/tmp/R.check/r-devel-gcc/Work/build/Packages/RNifti/include/RNifti/NiftiImage.h:352:34: warning: ‘template<class _Category, class _Tp, class _Distance, class _Pointer, class _Reference> struct std::iterator’ is deprecated [-Wdeprecated-declarations]
    See ‘/home/hornik/tmp/R.check/r-devel-gcc/Work/PKGS/imbibe.Rcheck/00install.out’ for details.
    * used C compiler: ‘gcc-12 (Debian 12.2.0-14) 12.2.0’
    * used C++ compiler: ‘g++-12 (Debian 12.2.0-14) 12.2.0’
Flavor: r-devel-linux-x86_64-debian-gcc

Version: 0.1.1
Check: whether package can be installed
Result: WARN
    Found the following significant warnings:
     /data/gannet/ripley/R/test-clang/RNifti/include/RNifti/NiftiImage.h:352:34: warning: 'iterator<std::random_access_iterator_tag, RNifti::NiftiImageData::Element>' is deprecated [-Wdeprecated-declarations]
    See ‘/data/gannet/ripley/R/packages/tests-clang/imbibe.Rcheck/00install.out’ for details.
    * used C compiler: ‘clang version 15.0.7’
    * used C++ compiler: ‘clang version 15.0.7’
Flavor: r-devel-linux-x86_64-fedora-clang

Version: 0.1.1
Check: whether package can be installed
Result: WARN
    Found the following significant warnings:
     /data/gannet/ripley/R/test-dev/RNifti/include/RNifti/NiftiImage.h:352:34: warning: ‘template<class _Category, class _Tp, class _Distance, class _Pointer, class _Reference> struct std::iterator’ is deprecated [-Wdeprecated-declarations]
    See ‘/data/gannet/ripley/R/packages/tests-devel/imbibe.Rcheck/00install.out’ for details.
    * used C compiler: ‘gcc (GCC) 12.2.1 20221121 (Red Hat 12.2.1-4)’
    * used C++ compiler: ‘g++ (GCC) 12.2.1 20221121 (Red Hat 12.2.1-4)’
Flavor: r-devel-linux-x86_64-fedora-gcc

Version: 0.1.1
Check: whether package can be installed
Result: WARN
    Found the following significant warnings:
     D:/RCompile/CRANpkg/lib/4.3/RNifti/include/RNifti/NiftiImage.h:352:34: warning: 'template<class _Category, class _Tp, class _Distance, class _Pointer, class _Reference> struct std::iterator' is deprecated [-Wdeprecated-declarations]
    See 'd:/Rcompile/CRANpkg/local/4.3/imbibe.Rcheck/00install.out' for details.
    * used C compiler: 'gcc.exe (GCC) 12.2.0'
    * used C++ compiler: 'g++.exe (GCC) 12.2.0'
Flavor: r-devel-windows-x86_64