CRAN Package Check Results for Package imageseg

Last updated on 2024-02-27 07:54:49 CET.

Flavor Version Tinstall Tcheck Ttotal Status Flags
r-devel-linux-x86_64-debian-clang 0.5.0 12.14 123.91 136.05 NOTE
r-devel-linux-x86_64-debian-gcc 0.5.0 9.07 88.95 98.02 NOTE
r-devel-linux-x86_64-fedora-clang 0.5.0 169.70 NOTE
r-devel-linux-x86_64-fedora-gcc 0.5.0 175.95 NOTE
r-devel-windows-x86_64 0.5.0 12.00 102.00 114.00 OK
r-patched-linux-x86_64 0.5.0 13.82 113.23 127.05 OK
r-release-linux-x86_64 0.5.0 11.36 111.80 123.16 OK
r-release-macos-arm64 0.5.0 59.00 OK
r-release-macos-x86_64 0.5.0 92.00 OK
r-release-windows-x86_64 0.5.0 14.00 118.00 132.00 OK
r-oldrel-macos-arm64 0.5.0 52.00 OK
r-oldrel-windows-x86_64 0.5.0 15.00 127.00 142.00 OK

Check Details

Version: 0.5.0
Check: Rd files
Result: NOTE checkRd: (-1) imagesToKerasInput.Rd:23: Lost braces 23 | \item{grayscale}{logical. Defines color channels of images: 1 if code{TRUE}, 3 if \code{FALSE}.} | ^ Flavors: r-devel-linux-x86_64-debian-clang, r-devel-linux-x86_64-debian-gcc, r-devel-linux-x86_64-fedora-clang, r-devel-linux-x86_64-fedora-gcc