Last updated on 2023-02-01 07:53:06 CET.
Flavor | Version | Tinstall | Tcheck | Ttotal | Status | Flags |
---|---|---|---|---|---|---|
r-devel-linux-x86_64-debian-clang | 0.42.16 | 649.27 | 141.05 | 790.32 | NOTE | |
r-devel-linux-x86_64-debian-gcc | 0.42.16 | 650.42 | 163.18 | 813.60 | NOTE | |
r-devel-linux-x86_64-fedora-clang | 0.42.16 | 1087.26 | NOTE | |||
r-devel-linux-x86_64-fedora-gcc | 0.42.16 | 1406.08 | NOTE | |||
r-devel-windows-x86_64 | 0.42.16 | 546.00 | 367.00 | 913.00 | NOTE | |
r-patched-linux-x86_64 | 0.42.16 | 646.72 | 148.12 | 794.84 | OK | |
r-release-linux-x86_64 | 0.42.16 | 644.88 | 137.22 | 782.10 | OK | |
r-release-macos-arm64 | 0.42.16 | 200.00 | NOTE | |||
r-release-macos-x86_64 | 0.42.16 | 249.00 | NOTE | |||
r-release-windows-x86_64 | 0.42.16 | 509.00 | 322.00 | 831.00 | NOTE | |
r-oldrel-macos-arm64 | 0.42.16 | 197.00 | NOTE | |||
r-oldrel-macos-x86_64 | 0.42.16 | 248.00 | NOTE | |||
r-oldrel-windows-ix86+x86_64 | 0.42.16 | 1400.00 | 388.00 | 1788.00 | NOTE |
Version: 0.42.16
Check: C++ specification
Result: NOTE
Specified C++11: please update to current default of C++17
Flavors: r-devel-linux-x86_64-debian-clang, r-devel-linux-x86_64-debian-gcc, r-devel-linux-x86_64-fedora-clang, r-devel-linux-x86_64-fedora-gcc, r-devel-windows-x86_64
Version: 0.42.16
Check: installed package size
Result: NOTE
installed size is 14.2Mb
sub-directories of 1Mb or more:
data 1.4Mb
doc 4.4Mb
extdata 1.1Mb
include 3.0Mb
libs 3.6Mb
Flavors: r-devel-linux-x86_64-fedora-clang, r-devel-windows-x86_64, r-release-macos-arm64, r-release-macos-x86_64, r-release-windows-x86_64, r-oldrel-macos-arm64, r-oldrel-macos-x86_64, r-oldrel-windows-ix86+x86_64