Last updated on 2023-02-02 06:54:55 CET.
Flavor | Version | Tinstall | Tcheck | Ttotal | Status | Flags |
---|---|---|---|---|---|---|
r-devel-linux-x86_64-debian-clang | 0.2.4 | 3.01 | 42.95 | 45.96 | OK | |
r-devel-linux-x86_64-debian-gcc | 0.2.4 | 2.66 | 33.06 | 35.72 | OK | |
r-devel-linux-x86_64-fedora-clang | 0.2.4 | 60.82 | NOTE | |||
r-devel-linux-x86_64-fedora-gcc | 0.2.4 | 68.18 | OK | |||
r-devel-windows-x86_64 | 0.2.4 | 28.00 | 973.00 | 1001.00 | OK | |
r-patched-linux-x86_64 | 0.2.4 | 3.76 | 42.59 | 46.35 | OK | |
r-release-linux-x86_64 | 0.2.4 | 3.38 | 36.17 | 39.55 | OK | |
r-release-macos-arm64 | 0.2.4 | 30.00 | OK | |||
r-release-macos-x86_64 | 0.2.4 | 34.00 | OK | |||
r-release-windows-x86_64 | 0.2.4 | 7.00 | 1329.00 | 1336.00 | OK | |
r-oldrel-macos-arm64 | 0.2.4 | 31.00 | OK | |||
r-oldrel-macos-x86_64 | 0.2.4 | 39.00 | OK | |||
r-oldrel-windows-ix86+x86_64 | 0.2.4 | 7.00 | 86.00 | 93.00 | OK |
Version: 0.2.4
Check: Rd cross-references
Result: NOTE
Undeclared packages ‘bmp’, ‘jpeg’, ‘png’, ‘tiff’ in Rd xrefs
Flavor: r-devel-linux-x86_64-fedora-clang