Last updated on 2023-12-06 07:50:17 CET.
Flavor | Version | Tinstall | Tcheck | Ttotal | Status | Flags |
---|---|---|---|---|---|---|
r-devel-linux-x86_64-debian-clang | 0.2.4 | 2.65 | 45.15 | 47.80 | NOTE | |
r-devel-linux-x86_64-debian-gcc | 0.2.4 | 2.39 | 34.05 | 36.44 | NOTE | |
r-devel-linux-x86_64-fedora-clang | 0.2.4 | 62.12 | NOTE | |||
r-devel-linux-x86_64-fedora-gcc | 0.2.4 | 72.06 | NOTE | |||
r-devel-windows-x86_64 | 0.2.4 | 4.00 | 576.00 | 580.00 | NOTE | |
r-patched-linux-x86_64 | 0.2.4 | 2.55 | 41.94 | 44.49 | OK | |
r-release-linux-x86_64 | 0.2.4 | 2.43 | 42.70 | 45.13 | OK | |
r-release-macos-arm64 | 0.2.4 | 31.00 | OK | |||
r-release-macos-x86_64 | 0.2.4 | 45.00 | OK | |||
r-release-windows-x86_64 | 0.2.4 | 6.00 | 1202.00 | 1208.00 | OK | |
r-oldrel-macos-arm64 | 0.2.4 | 30.00 | OK | |||
r-oldrel-macos-x86_64 | 0.2.4 | 34.00 | OK | |||
r-oldrel-windows-x86_64 | 0.2.4 | 6.00 | 362.00 | 368.00 | OK |
Version: 0.2.4
Check: Rd \usage sections
Result: NOTE
Documented arguments not in \usage in Rd file 'dot-compl.Rd':
‘imgfile’
Functions with \usage entries need to have the appropriate \alias
entries, and all their arguments documented.
The \usage entries must correspond to syntactically valid R code.
See chapter ‘Writing R documentation files’ in the ‘Writing R
Extensions’ manual.
Flavors: r-devel-linux-x86_64-debian-clang, r-devel-linux-x86_64-debian-gcc, r-devel-linux-x86_64-fedora-clang, r-devel-linux-x86_64-fedora-gcc, r-devel-windows-x86_64
Version: 0.2.4
Check: Rd cross-references
Result: NOTE
Undeclared packages ‘bmp’, ‘jpeg’, ‘png’, ‘tiff’ in Rd xrefs
Flavor: r-devel-linux-x86_64-fedora-clang