CRAN Package Check Results for Package icpsrdata

Last updated on 2023-01-28 07:14:57 CET.

Flavor Version Tinstall Tcheck Ttotal Status Flags
r-devel-linux-x86_64-debian-clang 0.5.0 3.16 33.14 36.30 NOTE
r-devel-linux-x86_64-debian-gcc 0.5.0 2.68 26.03 28.71 NOTE
r-devel-linux-x86_64-fedora-clang 0.5.0 47.12 NOTE
r-devel-linux-x86_64-fedora-gcc 0.5.0 56.49 NOTE
r-devel-windows-x86_64 0.5.0 8.00 60.00 68.00 NOTE
r-patched-linux-x86_64 0.5.0 3.86 34.13 37.99 NOTE
r-release-linux-x86_64 0.5.0 3.58 33.71 37.29 NOTE
r-release-macos-arm64 0.5.0 20.00 NOTE
r-release-macos-x86_64 0.5.0 24.00 NOTE
r-release-windows-x86_64 0.5.0 12.00 66.00 78.00 NOTE
r-oldrel-macos-arm64 0.5.0 23.00 NOTE
r-oldrel-macos-x86_64 0.5.0 25.00 NOTE
r-oldrel-windows-ix86+x86_64 0.5.0 9.00 61.00 70.00 NOTE

Check Details

Version: 0.5.0
Check: LazyData
Result: NOTE
     'LazyData' is specified without a 'data' directory
Flavors: r-devel-linux-x86_64-debian-clang, r-devel-linux-x86_64-debian-gcc, r-devel-linux-x86_64-fedora-clang, r-devel-linux-x86_64-fedora-gcc, r-devel-windows-x86_64, r-patched-linux-x86_64, r-release-linux-x86_64, r-release-macos-arm64, r-release-macos-x86_64, r-release-windows-x86_64, r-oldrel-macos-arm64, r-oldrel-macos-x86_64, r-oldrel-windows-ix86+x86_64